{"id":2687,"date":"2019-06-03T11:34:59","date_gmt":"2019-06-03T11:34:59","guid":{"rendered":"https:\/\/news.ubbcluj.ro\/ge\/?post_type=tribe_events&#038;p=2687"},"modified":"2019-06-10T14:23:02","modified_gmt":"2019-06-10T14:23:02","slug":"jubilaumstagung-des-departments-fur-deutsche-sprache-und-literatur","status":"publish","type":"tribe_events","link":"https:\/\/news.ubbcluj.ro\/ge\/event\/jubilaumstagung-des-departments-fur-deutsche-sprache-und-literatur\/","title":{"rendered":"Jubil\u00e4umstagung des Departments f\u00fcr Deutsche Sprache und Literatur"},"content":{"rendered":"<p><a href=\"https:\/\/news.ubbcluj.ro\/ge\/event\/jubilaumstagung-des-departments-fur-deutsche-sprache-und-literatur\/jubilaumstagung-germanistik-klausenburg-einladung-mit-programm\/\" rel=\"attachment wp-att-2698\">Jubil\u00e4umstagung Germanistik Klausenburg, Einladung mit Programm<\/a><\/p>\n","protected":false},"excerpt":{"rendered":"<p>Jubil\u00e4umstagung Germanistik Klausenburg, Einladung mit Programm<\/p>\n","protected":false},"author":13,"featured_media":2693,"comment_status":"closed","ping_status":"closed","template":"","meta":{"_tribe_events_status":"","_tribe_events_status_reason":""},"tags":[],"tribe_events_cat":[14,148],"yoast_head":"<!-- This site is optimized with the Yoast SEO plugin v21.9.1 - https:\/\/yoast.com\/wordpress\/plugins\/seo\/ -->\n<title>Jubil\u00e4umstagung des Departments f\u00fcr Deutsche Sprache und Literatur - BBUNEWS<\/title>\n<meta name=\"robots\" content=\"index, follow, max-snippet:-1, max-image-preview:large, max-video-preview:-1\" \/>\n<link rel=\"canonical\" href=\"https:\/\/news.ubbcluj.ro\/ge\/event\/jubilaumstagung-des-departments-fur-deutsche-sprache-und-literatur\/\" \/>\n<meta property=\"og:locale\" content=\"en_US\" \/>\n<meta property=\"og:type\" content=\"article\" \/>\n<meta property=\"og:title\" content=\"Jubil\u00e4umstagung des Departments f\u00fcr Deutsche Sprache und Literatur - BBUNEWS\" \/>\n<meta property=\"og:description\" content=\"Jubil\u00e4umstagung Germanistik Klausenburg, Einladung mit Programm\" \/>\n<meta property=\"og:url\" content=\"https:\/\/news.ubbcluj.ro\/ge\/event\/jubilaumstagung-des-departments-fur-deutsche-sprache-und-literatur\/\" \/>\n<meta property=\"og:site_name\" content=\"BBUNEWS\" \/>\n<meta property=\"article:modified_time\" content=\"2019-06-10T14:23:02+00:00\" \/>\n<meta property=\"og:image\" content=\"https:\/\/news.ubbcluj.ro\/ge\/wp-content\/uploads\/2019\/06\/JT-Plakat.jpg\" \/>\n\t<meta property=\"og:image:width\" content=\"4960\" \/>\n\t<meta property=\"og:image:height\" content=\"7016\" \/>\n\t<meta property=\"og:image:type\" content=\"image\/jpeg\" \/>\n<meta name=\"twitter:card\" content=\"summary_large_image\" \/>\n<script type=\"application\/ld+json\" class=\"yoast-schema-graph\">{\"@context\":\"https:\/\/schema.org\",\"@graph\":[{\"@type\":\"WebPage\",\"@id\":\"https:\/\/news.ubbcluj.ro\/ge\/event\/jubilaumstagung-des-departments-fur-deutsche-sprache-und-literatur\/\",\"url\":\"https:\/\/news.ubbcluj.ro\/ge\/event\/jubilaumstagung-des-departments-fur-deutsche-sprache-und-literatur\/\",\"name\":\"Jubil\u00e4umstagung des Departments f\u00fcr Deutsche Sprache und Literatur - BBUNEWS\",\"isPartOf\":{\"@id\":\"https:\/\/news.ubbcluj.ro\/ge\/#website\"},\"datePublished\":\"2019-06-03T11:34:59+00:00\",\"dateModified\":\"2019-06-10T14:23:02+00:00\",\"breadcrumb\":{\"@id\":\"https:\/\/news.ubbcluj.ro\/ge\/event\/jubilaumstagung-des-departments-fur-deutsche-sprache-und-literatur\/#breadcrumb\"},\"inLanguage\":\"en-US\",\"potentialAction\":[{\"@type\":\"ReadAction\",\"target\":[\"https:\/\/news.ubbcluj.ro\/ge\/event\/jubilaumstagung-des-departments-fur-deutsche-sprache-und-literatur\/\"]}]},{\"@type\":\"BreadcrumbList\",\"@id\":\"https:\/\/news.ubbcluj.ro\/ge\/event\/jubilaumstagung-des-departments-fur-deutsche-sprache-und-literatur\/#breadcrumb\",\"itemListElement\":[{\"@type\":\"ListItem\",\"position\":1,\"name\":\"Home\",\"item\":\"https:\/\/news.ubbcluj.ro\/ge\/\"},{\"@type\":\"ListItem\",\"position\":2,\"name\":\"Events\",\"item\":\"https:\/\/news.ubbcluj.ro\/ge\/events\/\"},{\"@type\":\"ListItem\",\"position\":3,\"name\":\"Jubil\u00e4umstagung des Departments f\u00fcr Deutsche Sprache und Literatur\"}]},{\"@type\":\"WebSite\",\"@id\":\"https:\/\/news.ubbcluj.ro\/ge\/#website\",\"url\":\"https:\/\/news.ubbcluj.ro\/ge\/\",\"name\":\"BBUNEWS\",\"description\":\"Neuigkeiten &amp; Veranstaltungen der BBU\",\"publisher\":{\"@id\":\"https:\/\/news.ubbcluj.ro\/ge\/#organization\"},\"potentialAction\":[{\"@type\":\"SearchAction\",\"target\":{\"@type\":\"EntryPoint\",\"urlTemplate\":\"https:\/\/news.ubbcluj.ro\/ge\/?s={search_term_string}\"},\"query-input\":\"required name=search_term_string\"}],\"inLanguage\":\"en-US\"},{\"@type\":\"Organization\",\"@id\":\"https:\/\/news.ubbcluj.ro\/ge\/#organization\",\"name\":\"BBUNEWS\",\"url\":\"https:\/\/news.ubbcluj.ro\/ge\/\",\"logo\":{\"@type\":\"ImageObject\",\"inLanguage\":\"en-US\",\"@id\":\"https:\/\/news.ubbcluj.ro\/ge\/#\/schema\/logo\/image\/\",\"url\":\"https:\/\/news.ubbcluj.ro\/ge\/wp-content\/uploads\/2018\/06\/b6ba9f_63e01851b6664086b343aeeff55d7542-mv2.png\",\"contentUrl\":\"https:\/\/news.ubbcluj.ro\/ge\/wp-content\/uploads\/2018\/06\/b6ba9f_63e01851b6664086b343aeeff55d7542-mv2.png\",\"width\":133,\"height\":93,\"caption\":\"BBUNEWS\"},\"image\":{\"@id\":\"https:\/\/news.ubbcluj.ro\/ge\/#\/schema\/logo\/image\/\"}}]}<\/script>\n<!-- \/ Yoast SEO plugin. -->","yoast_head_json":{"title":"Jubil\u00e4umstagung des Departments f\u00fcr Deutsche Sprache und Literatur - BBUNEWS","robots":{"index":"index","follow":"follow","max-snippet":"max-snippet:-1","max-image-preview":"max-image-preview:large","max-video-preview":"max-video-preview:-1"},"canonical":"https:\/\/news.ubbcluj.ro\/ge\/event\/jubilaumstagung-des-departments-fur-deutsche-sprache-und-literatur\/","og_locale":"en_US","og_type":"article","og_title":"Jubil\u00e4umstagung des Departments f\u00fcr Deutsche Sprache und Literatur - BBUNEWS","og_description":"Jubil\u00e4umstagung Germanistik Klausenburg, Einladung mit Programm","og_url":"https:\/\/news.ubbcluj.ro\/ge\/event\/jubilaumstagung-des-departments-fur-deutsche-sprache-und-literatur\/","og_site_name":"BBUNEWS","article_modified_time":"2019-06-10T14:23:02+00:00","og_image":[{"width":4960,"height":7016,"url":"https:\/\/news.ubbcluj.ro\/ge\/wp-content\/uploads\/2019\/06\/JT-Plakat.jpg","type":"image\/jpeg"}],"twitter_card":"summary_large_image","schema":{"@context":"https:\/\/schema.org","@graph":[{"@type":"WebPage","@id":"https:\/\/news.ubbcluj.ro\/ge\/event\/jubilaumstagung-des-departments-fur-deutsche-sprache-und-literatur\/","url":"https:\/\/news.ubbcluj.ro\/ge\/event\/jubilaumstagung-des-departments-fur-deutsche-sprache-und-literatur\/","name":"Jubil\u00e4umstagung des Departments f\u00fcr Deutsche Sprache und Literatur - BBUNEWS","isPartOf":{"@id":"https:\/\/news.ubbcluj.ro\/ge\/#website"},"datePublished":"2019-06-03T11:34:59+00:00","dateModified":"2019-06-10T14:23:02+00:00","breadcrumb":{"@id":"https:\/\/news.ubbcluj.ro\/ge\/event\/jubilaumstagung-des-departments-fur-deutsche-sprache-und-literatur\/#breadcrumb"},"inLanguage":"en-US","potentialAction":[{"@type":"ReadAction","target":["https:\/\/news.ubbcluj.ro\/ge\/event\/jubilaumstagung-des-departments-fur-deutsche-sprache-und-literatur\/"]}]},{"@type":"BreadcrumbList","@id":"https:\/\/news.ubbcluj.ro\/ge\/event\/jubilaumstagung-des-departments-fur-deutsche-sprache-und-literatur\/#breadcrumb","itemListElement":[{"@type":"ListItem","position":1,"name":"Home","item":"https:\/\/news.ubbcluj.ro\/ge\/"},{"@type":"ListItem","position":2,"name":"Events","item":"https:\/\/news.ubbcluj.ro\/ge\/events\/"},{"@type":"ListItem","position":3,"name":"Jubil\u00e4umstagung des Departments f\u00fcr Deutsche Sprache und Literatur"}]},{"@type":"WebSite","@id":"https:\/\/news.ubbcluj.ro\/ge\/#website","url":"https:\/\/news.ubbcluj.ro\/ge\/","name":"BBUNEWS","description":"Neuigkeiten &amp; Veranstaltungen der BBU","publisher":{"@id":"https:\/\/news.ubbcluj.ro\/ge\/#organization"},"potentialAction":[{"@type":"SearchAction","target":{"@type":"EntryPoint","urlTemplate":"https:\/\/news.ubbcluj.ro\/ge\/?s={search_term_string}"},"query-input":"required name=search_term_string"}],"inLanguage":"en-US"},{"@type":"Organization","@id":"https:\/\/news.ubbcluj.ro\/ge\/#organization","name":"BBUNEWS","url":"https:\/\/news.ubbcluj.ro\/ge\/","logo":{"@type":"ImageObject","inLanguage":"en-US","@id":"https:\/\/news.ubbcluj.ro\/ge\/#\/schema\/logo\/image\/","url":"https:\/\/news.ubbcluj.ro\/ge\/wp-content\/uploads\/2018\/06\/b6ba9f_63e01851b6664086b343aeeff55d7542-mv2.png","contentUrl":"https:\/\/news.ubbcluj.ro\/ge\/wp-content\/uploads\/2018\/06\/b6ba9f_63e01851b6664086b343aeeff55d7542-mv2.png","width":133,"height":93,"caption":"BBUNEWS"},"image":{"@id":"https:\/\/news.ubbcluj.ro\/ge\/#\/schema\/logo\/image\/"}}]}},"_links":{"self":[{"href":"https:\/\/news.ubbcluj.ro\/ge\/wp-json\/wp\/v2\/tribe_events\/2687"}],"collection":[{"href":"https:\/\/news.ubbcluj.ro\/ge\/wp-json\/wp\/v2\/tribe_events"}],"about":[{"href":"https:\/\/news.ubbcluj.ro\/ge\/wp-json\/wp\/v2\/types\/tribe_events"}],"author":[{"embeddable":true,"href":"https:\/\/news.ubbcluj.ro\/ge\/wp-json\/wp\/v2\/users\/13"}],"replies":[{"embeddable":true,"href":"https:\/\/news.ubbcluj.ro\/ge\/wp-json\/wp\/v2\/comments?post=2687"}],"version-history":[{"count":6,"href":"https:\/\/news.ubbcluj.ro\/ge\/wp-json\/wp\/v2\/tribe_events\/2687\/revisions"}],"predecessor-version":[{"id":2699,"href":"https:\/\/news.ubbcluj.ro\/ge\/wp-json\/wp\/v2\/tribe_events\/2687\/revisions\/2699"}],"wp:featuredmedia":[{"embeddable":true,"href":"https:\/\/news.ubbcluj.ro\/ge\/wp-json\/wp\/v2\/media\/2693"}],"wp:attachment":[{"href":"https:\/\/news.ubbcluj.ro\/ge\/wp-json\/wp\/v2\/media?parent=2687"}],"wp:term":[{"taxonomy":"post_tag","embeddable":true,"href":"https:\/\/news.ubbcluj.ro\/ge\/wp-json\/wp\/v2\/tags?post=2687"},{"taxonomy":"tribe_events_cat","embeddable":true,"href":"https:\/\/news.ubbcluj.ro\/ge\/wp-json\/wp\/v2\/tribe_events_cat?post=2687"}],"curies":[{"name":"wp","href":"https:\/\/api.w.org\/{rel}","templated":true}]}}

Jubiläumstagung des Departments für Deutsche Sprache und Literatur

<p><a href="https://news.ubbcluj.ro/ge/event/jubilaumstagung-des-departments-fur-deutsche-sprache-und-literatur/jubilaumstagung-germanistik-klausenburg-einladung-mit-programm/" rel="attachment wp-att-2698">Jubiläumstagung Germanistik Klausenburg, Einladung mit Programm</a></p>

<p>Jubiläumstagung Germanistik Klausenburg, Einladung mit Programm</p>

<!-- This site is optimized with the Yoast SEO plugin v21.9.1 - https://yoast.com/wordpress/plugins/seo/ -->
<title>Jubiläumstagung des Departments für Deutsche Sprache und Literatur - BBUNEWS</title>
<meta name="robots" content="index, follow, max-snippet:-1, max-image-preview:large, max-video-preview:-1" />
<link rel="canonical" href="https://news.ubbcluj.ro/ge/event/jubilaumstagung-des-departments-fur-deutsche-sprache-und-literatur/" />
<meta property="og:locale" content="en_US" />
<meta property="og:type" content="article" />
<meta property="og:title" content="Jubiläumstagung des Departments für Deutsche Sprache und Literatur - BBUNEWS" />
<meta property="og:description" content="Jubiläumstagung Germanistik Klausenburg, Einladung mit Programm" />
<meta property="og:url" content="https://news.ubbcluj.ro/ge/event/jubilaumstagung-des-departments-fur-deutsche-sprache-und-literatur/" />
<meta property="og:site_name" content="BBUNEWS" />
<meta property="article:modified_time" content="2019-06-10T14:23:02+00:00" />
<meta property="og:image" content="https://news.ubbcluj.ro/ge/wp-content/uploads/2019/06/JT-Plakat.jpg" />
	<meta property="og:image:width" content="4960" />
	<meta property="og:image:height" content="7016" />
	<meta property="og:image:type" content="image/jpeg" />
<meta name="twitter:card" content="summary_large_image" />
<script type="application/ld+json" class="yoast-schema-graph">{"@context":"https://schema.org","@graph":[{"@type":"WebPage","@id":"https://news.ubbcluj.ro/ge/event/jubilaumstagung-des-departments-fur-deutsche-sprache-und-literatur/","url":"https://news.ubbcluj.ro/ge/event/jubilaumstagung-des-departments-fur-deutsche-sprache-und-literatur/","name":"Jubiläumstagung des Departments für Deutsche Sprache und Literatur - BBUNEWS","isPartOf":{"@id":"https://news.ubbcluj.ro/ge/#website"},"datePublished":"2019-06-03T11:34:59+00:00","dateModified":"2019-06-10T14:23:02+00:00","breadcrumb":{"@id":"https://news.ubbcluj.ro/ge/event/jubilaumstagung-des-departments-fur-deutsche-sprache-und-literatur/#breadcrumb"},"inLanguage":"en-US","potentialAction":[{"@type":"ReadAction","target":["https://news.ubbcluj.ro/ge/event/jubilaumstagung-des-departments-fur-deutsche-sprache-und-literatur/"]}]},{"@type":"BreadcrumbList","@id":"https://news.ubbcluj.ro/ge/event/jubilaumstagung-des-departments-fur-deutsche-sprache-und-literatur/#breadcrumb","itemListElement":[{"@type":"ListItem","position":1,"name":"Home","item":"https://news.ubbcluj.ro/ge/"},{"@type":"ListItem","position":2,"name":"Events","item":"https://news.ubbcluj.ro/ge/events/"},{"@type":"ListItem","position":3,"name":"Jubiläumstagung des Departments für Deutsche Sprache und Literatur"}]},{"@type":"WebSite","@id":"https://news.ubbcluj.ro/ge/#website","url":"https://news.ubbcluj.ro/ge/","name":"BBUNEWS","description":"Neuigkeiten &amp; Veranstaltungen der BBU","publisher":{"@id":"https://news.ubbcluj.ro/ge/#organization"},"potentialAction":[{"@type":"SearchAction","target":{"@type":"EntryPoint","urlTemplate":"https://news.ubbcluj.ro/ge/?s={search_term_string}"},"query-input":"required name=search_term_string"}],"inLanguage":"en-US"},{"@type":"Organization","@id":"https://news.ubbcluj.ro/ge/#organization","name":"BBUNEWS","url":"https://news.ubbcluj.ro/ge/","logo":{"@type":"ImageObject","inLanguage":"en-US","@id":"https://news.ubbcluj.ro/ge/#/schema/logo/image/","url":"https://news.ubbcluj.ro/ge/wp-content/uploads/2018/06/b6ba9f_63e01851b6664086b343aeeff55d7542-mv2.png","contentUrl":"https://news.ubbcluj.ro/ge/wp-content/uploads/2018/06/b6ba9f_63e01851b6664086b343aeeff55d7542-mv2.png","width":133,"height":93,"caption":"BBUNEWS"},"image":{"@id":"https://news.ubbcluj.ro/ge/#/schema/logo/image/"}}]}</script>
<!-- / Yoast SEO plugin. -->

Jubiläumstagung des Departments für Deutsche Sprache und Literatur - BBUNEWS

Jubiläumstagung Germanistik Klausenburg, Einladung mit Programm
