{"id":3180,"date":"2020-11-17T08:52:09","date_gmt":"2020-11-17T08:52:09","guid":{"rendered":"https:\/\/news.ubbcluj.ro\/ge\/?post_type=tribe_events&#038;p=3180"},"modified":"2020-11-17T08:53:13","modified_gmt":"2020-11-17T08:53:13","slug":"die-osterreichbibliothek-klausenburg-stellt-sich-vor","status":"publish","type":"tribe_events","link":"https:\/\/news.ubbcluj.ro\/ge\/event\/die-osterreichbibliothek-klausenburg-stellt-sich-vor\/","title":{"rendered":"Die \u00d6sterreichbibliothek Klausenburg stellt sich vor"},"content":{"rendered":"<p>Im Rahmen des 25. Jubil\u00e4ums der Deutschsprachigen Studienrichtung an der BBU organisiert die \u00d6sterreich Bibliothek Klausenburg einen Vorstellungsabend. Die 17-j\u00e4hrige Geschichte der Bibliothek innerhalb der Universit\u00e4t wird Revue passiert und die aktuellen Projekte und Veranstaltungen werden vorgestellt.<\/p>\n<p><strong>Wann?<\/strong> Am 19. November 2020, 18 Uhr<\/p>\n<p><strong>Wo?<\/strong> Zoom (Meeting ID: 4965420423 \/ Passcode: 3m8Gst)<\/p>\n<p><strong>Kontaktperson<\/strong>: Dr. phil. Laura Laza, Leiterin \u00d6sterreich-Bibliothek, <a href=\"mailto:Laura.Laza@ubbcluj.ro\" target=\"_blank\" rel=\"noopener noreferrer\">laura.laza@ubbcluj.ro<\/a><\/p>\n<p>&nbsp;<\/p>\n<p style=\"text-align: center;\"><a href=\"https:\/\/news.ubbcluj.ro\/ge\/event\/die-osterreichbibliothek-klausenburg-stellt-sich-vor\/event_osterreichbibliothek\/\" rel=\"attachment wp-att-3182\"><img loading=\"lazy\" decoding=\"async\" class=\"alignnone size-full wp-image-3182\" src=\"https:\/\/news.ubbcluj.ro\/ge\/wp-content\/uploads\/2020\/11\/event_osterreichbibliothek.png\" alt=\"\" width=\"640\" height=\"452\" data-id=\"3182\" srcset=\"https:\/\/news.ubbcluj.ro\/ge\/wp-content\/uploads\/2020\/11\/event_osterreichbibliothek.png 640w, https:\/\/news.ubbcluj.ro\/ge\/wp-content\/uploads\/2020\/11\/event_osterreichbibliothek-300x212.png 300w, https:\/\/news.ubbcluj.ro\/ge\/wp-content\/uploads\/2020\/11\/event_osterreichbibliothek-100x71.png 100w, https:\/\/news.ubbcluj.ro\/ge\/wp-content\/uploads\/2020\/11\/event_osterreichbibliothek-150x106.png 150w, https:\/\/news.ubbcluj.ro\/ge\/wp-content\/uploads\/2020\/11\/event_osterreichbibliothek-200x141.png 200w, https:\/\/news.ubbcluj.ro\/ge\/wp-content\/uploads\/2020\/11\/event_osterreichbibliothek-450x318.png 450w, https:\/\/news.ubbcluj.ro\/ge\/wp-content\/uploads\/2020\/11\/event_osterreichbibliothek-600x424.png 600w\" sizes=\"(max-width: 640px) 100vw, 640px\" \/><\/a><\/p>\n","protected":false},"excerpt":{"rendered":"<p>Im Rahmen des 25. Jubil\u00e4ums der Deutschsprachigen Studienrichtung an der BBU organisiert die \u00d6sterreich Bibliothek Klausenburg einen Vorstellungsabend. Die 17-j\u00e4hrige Geschichte der Bibliothek innerhalb der Universit\u00e4t wird Revue passiert und die aktuellen Projekte und Veranstaltungen werden vorgestellt. Wann? Am 19. &hellip;<\/p>\n<p class=\"read-more\"> <a class=\"more-link\" href=\"https:\/\/news.ubbcluj.ro\/ge\/event\/die-osterreichbibliothek-klausenburg-stellt-sich-vor\/\"> <span class=\"screen-reader-text\">Die \u00d6sterreichbibliothek Klausenburg stellt sich vor<\/span> Read More &raquo;<\/a><\/p>\n","protected":false},"author":13,"featured_media":3182,"comment_status":"closed","ping_status":"closed","template":"","meta":{"_tribe_events_status":"","_tribe_events_status_reason":""},"tags":[],"tribe_events_cat":[14,148],"yoast_head":"<!-- This site is optimized with the Yoast SEO plugin v21.9.1 - https:\/\/yoast.com\/wordpress\/plugins\/seo\/ -->\n<title>Die \u00d6sterreichbibliothek Klausenburg stellt sich vor - BBUNEWS<\/title>\n<meta name=\"robots\" content=\"index, follow, max-snippet:-1, max-image-preview:large, max-video-preview:-1\" \/>\n<link rel=\"canonical\" href=\"https:\/\/news.ubbcluj.ro\/ge\/event\/die-osterreichbibliothek-klausenburg-stellt-sich-vor\/\" \/>\n<meta property=\"og:locale\" content=\"en_US\" \/>\n<meta property=\"og:type\" content=\"article\" \/>\n<meta property=\"og:title\" content=\"Die \u00d6sterreichbibliothek Klausenburg stellt sich vor - BBUNEWS\" \/>\n<meta property=\"og:description\" content=\"Im Rahmen des 25. Jubil\u00e4ums der Deutschsprachigen Studienrichtung an der BBU organisiert die \u00d6sterreich Bibliothek Klausenburg einen Vorstellungsabend. Die 17-j\u00e4hrige Geschichte der Bibliothek innerhalb der Universit\u00e4t wird Revue passiert und die aktuellen Projekte und Veranstaltungen werden vorgestellt. Wann? Am 19. &hellip; Die \u00d6sterreichbibliothek Klausenburg stellt sich vor Read More &raquo;\" \/>\n<meta property=\"og:url\" content=\"https:\/\/news.ubbcluj.ro\/ge\/event\/die-osterreichbibliothek-klausenburg-stellt-sich-vor\/\" \/>\n<meta property=\"og:site_name\" content=\"BBUNEWS\" \/>\n<meta property=\"article:modified_time\" content=\"2020-11-17T08:53:13+00:00\" \/>\n<meta property=\"og:image\" content=\"https:\/\/news.ubbcluj.ro\/ge\/wp-content\/uploads\/2020\/11\/event_osterreichbibliothek.png\" \/>\n\t<meta property=\"og:image:width\" content=\"640\" \/>\n\t<meta property=\"og:image:height\" content=\"452\" \/>\n\t<meta property=\"og:image:type\" content=\"image\/png\" \/>\n<meta name=\"twitter:card\" content=\"summary_large_image\" \/>\n<script type=\"application\/ld+json\" class=\"yoast-schema-graph\">{\"@context\":\"https:\/\/schema.org\",\"@graph\":[{\"@type\":\"WebPage\",\"@id\":\"https:\/\/news.ubbcluj.ro\/ge\/event\/die-osterreichbibliothek-klausenburg-stellt-sich-vor\/\",\"url\":\"https:\/\/news.ubbcluj.ro\/ge\/event\/die-osterreichbibliothek-klausenburg-stellt-sich-vor\/\",\"name\":\"Die \u00d6sterreichbibliothek Klausenburg stellt sich vor - BBUNEWS\",\"isPartOf\":{\"@id\":\"https:\/\/news.ubbcluj.ro\/ge\/#website\"},\"datePublished\":\"2020-11-17T08:52:09+00:00\",\"dateModified\":\"2020-11-17T08:53:13+00:00\",\"breadcrumb\":{\"@id\":\"https:\/\/news.ubbcluj.ro\/ge\/event\/die-osterreichbibliothek-klausenburg-stellt-sich-vor\/#breadcrumb\"},\"inLanguage\":\"en-US\",\"potentialAction\":[{\"@type\":\"ReadAction\",\"target\":[\"https:\/\/news.ubbcluj.ro\/ge\/event\/die-osterreichbibliothek-klausenburg-stellt-sich-vor\/\"]}]},{\"@type\":\"BreadcrumbList\",\"@id\":\"https:\/\/news.ubbcluj.ro\/ge\/event\/die-osterreichbibliothek-klausenburg-stellt-sich-vor\/#breadcrumb\",\"itemListElement\":[{\"@type\":\"ListItem\",\"position\":1,\"name\":\"Home\",\"item\":\"https:\/\/news.ubbcluj.ro\/ge\/\"},{\"@type\":\"ListItem\",\"position\":2,\"name\":\"Events\",\"item\":\"https:\/\/news.ubbcluj.ro\/ge\/events\/\"},{\"@type\":\"ListItem\",\"position\":3,\"name\":\"Die \u00d6sterreichbibliothek Klausenburg stellt sich vor\"}]},{\"@type\":\"WebSite\",\"@id\":\"https:\/\/news.ubbcluj.ro\/ge\/#website\",\"url\":\"https:\/\/news.ubbcluj.ro\/ge\/\",\"name\":\"BBUNEWS\",\"description\":\"Neuigkeiten &amp; Veranstaltungen der BBU\",\"publisher\":{\"@id\":\"https:\/\/news.ubbcluj.ro\/ge\/#organization\"},\"potentialAction\":[{\"@type\":\"SearchAction\",\"target\":{\"@type\":\"EntryPoint\",\"urlTemplate\":\"https:\/\/news.ubbcluj.ro\/ge\/?s={search_term_string}\"},\"query-input\":\"required name=search_term_string\"}],\"inLanguage\":\"en-US\"},{\"@type\":\"Organization\",\"@id\":\"https:\/\/news.ubbcluj.ro\/ge\/#organization\",\"name\":\"BBUNEWS\",\"url\":\"https:\/\/news.ubbcluj.ro\/ge\/\",\"logo\":{\"@type\":\"ImageObject\",\"inLanguage\":\"en-US\",\"@id\":\"https:\/\/news.ubbcluj.ro\/ge\/#\/schema\/logo\/image\/\",\"url\":\"https:\/\/news.ubbcluj.ro\/ge\/wp-content\/uploads\/2018\/06\/b6ba9f_63e01851b6664086b343aeeff55d7542-mv2.png\",\"contentUrl\":\"https:\/\/news.ubbcluj.ro\/ge\/wp-content\/uploads\/2018\/06\/b6ba9f_63e01851b6664086b343aeeff55d7542-mv2.png\",\"width\":133,\"height\":93,\"caption\":\"BBUNEWS\"},\"image\":{\"@id\":\"https:\/\/news.ubbcluj.ro\/ge\/#\/schema\/logo\/image\/\"}}]}<\/script>\n<!-- \/ Yoast SEO plugin. -->","yoast_head_json":{"title":"Die \u00d6sterreichbibliothek Klausenburg stellt sich vor - BBUNEWS","robots":{"index":"index","follow":"follow","max-snippet":"max-snippet:-1","max-image-preview":"max-image-preview:large","max-video-preview":"max-video-preview:-1"},"canonical":"https:\/\/news.ubbcluj.ro\/ge\/event\/die-osterreichbibliothek-klausenburg-stellt-sich-vor\/","og_locale":"en_US","og_type":"article","og_title":"Die \u00d6sterreichbibliothek Klausenburg stellt sich vor - BBUNEWS","og_description":"Im Rahmen des 25. Jubil\u00e4ums der Deutschsprachigen Studienrichtung an der BBU organisiert die \u00d6sterreich Bibliothek Klausenburg einen Vorstellungsabend. Die 17-j\u00e4hrige Geschichte der Bibliothek innerhalb der Universit\u00e4t wird Revue passiert und die aktuellen Projekte und Veranstaltungen werden vorgestellt. Wann? Am 19. &hellip; Die \u00d6sterreichbibliothek Klausenburg stellt sich vor Read More &raquo;","og_url":"https:\/\/news.ubbcluj.ro\/ge\/event\/die-osterreichbibliothek-klausenburg-stellt-sich-vor\/","og_site_name":"BBUNEWS","article_modified_time":"2020-11-17T08:53:13+00:00","og_image":[{"width":640,"height":452,"url":"https:\/\/news.ubbcluj.ro\/ge\/wp-content\/uploads\/2020\/11\/event_osterreichbibliothek.png","type":"image\/png"}],"twitter_card":"summary_large_image","schema":{"@context":"https:\/\/schema.org","@graph":[{"@type":"WebPage","@id":"https:\/\/news.ubbcluj.ro\/ge\/event\/die-osterreichbibliothek-klausenburg-stellt-sich-vor\/","url":"https:\/\/news.ubbcluj.ro\/ge\/event\/die-osterreichbibliothek-klausenburg-stellt-sich-vor\/","name":"Die \u00d6sterreichbibliothek Klausenburg stellt sich vor - BBUNEWS","isPartOf":{"@id":"https:\/\/news.ubbcluj.ro\/ge\/#website"},"datePublished":"2020-11-17T08:52:09+00:00","dateModified":"2020-11-17T08:53:13+00:00","breadcrumb":{"@id":"https:\/\/news.ubbcluj.ro\/ge\/event\/die-osterreichbibliothek-klausenburg-stellt-sich-vor\/#breadcrumb"},"inLanguage":"en-US","potentialAction":[{"@type":"ReadAction","target":["https:\/\/news.ubbcluj.ro\/ge\/event\/die-osterreichbibliothek-klausenburg-stellt-sich-vor\/"]}]},{"@type":"BreadcrumbList","@id":"https:\/\/news.ubbcluj.ro\/ge\/event\/die-osterreichbibliothek-klausenburg-stellt-sich-vor\/#breadcrumb","itemListElement":[{"@type":"ListItem","position":1,"name":"Home","item":"https:\/\/news.ubbcluj.ro\/ge\/"},{"@type":"ListItem","position":2,"name":"Events","item":"https:\/\/news.ubbcluj.ro\/ge\/events\/"},{"@type":"ListItem","position":3,"name":"Die \u00d6sterreichbibliothek Klausenburg stellt sich vor"}]},{"@type":"WebSite","@id":"https:\/\/news.ubbcluj.ro\/ge\/#website","url":"https:\/\/news.ubbcluj.ro\/ge\/","name":"BBUNEWS","description":"Neuigkeiten &amp; Veranstaltungen der BBU","publisher":{"@id":"https:\/\/news.ubbcluj.ro\/ge\/#organization"},"potentialAction":[{"@type":"SearchAction","target":{"@type":"EntryPoint","urlTemplate":"https:\/\/news.ubbcluj.ro\/ge\/?s={search_term_string}"},"query-input":"required name=search_term_string"}],"inLanguage":"en-US"},{"@type":"Organization","@id":"https:\/\/news.ubbcluj.ro\/ge\/#organization","name":"BBUNEWS","url":"https:\/\/news.ubbcluj.ro\/ge\/","logo":{"@type":"ImageObject","inLanguage":"en-US","@id":"https:\/\/news.ubbcluj.ro\/ge\/#\/schema\/logo\/image\/","url":"https:\/\/news.ubbcluj.ro\/ge\/wp-content\/uploads\/2018\/06\/b6ba9f_63e01851b6664086b343aeeff55d7542-mv2.png","contentUrl":"https:\/\/news.ubbcluj.ro\/ge\/wp-content\/uploads\/2018\/06\/b6ba9f_63e01851b6664086b343aeeff55d7542-mv2.png","width":133,"height":93,"caption":"BBUNEWS"},"image":{"@id":"https:\/\/news.ubbcluj.ro\/ge\/#\/schema\/logo\/image\/"}}]}},"_links":{"self":[{"href":"https:\/\/news.ubbcluj.ro\/ge\/wp-json\/wp\/v2\/tribe_events\/3180"}],"collection":[{"href":"https:\/\/news.ubbcluj.ro\/ge\/wp-json\/wp\/v2\/tribe_events"}],"about":[{"href":"https:\/\/news.ubbcluj.ro\/ge\/wp-json\/wp\/v2\/types\/tribe_events"}],"author":[{"embeddable":true,"href":"https:\/\/news.ubbcluj.ro\/ge\/wp-json\/wp\/v2\/users\/13"}],"replies":[{"embeddable":true,"href":"https:\/\/news.ubbcluj.ro\/ge\/wp-json\/wp\/v2\/comments?post=3180"}],"version-history":[{"count":3,"href":"https:\/\/news.ubbcluj.ro\/ge\/wp-json\/wp\/v2\/tribe_events\/3180\/revisions"}],"predecessor-version":[{"id":3185,"href":"https:\/\/news.ubbcluj.ro\/ge\/wp-json\/wp\/v2\/tribe_events\/3180\/revisions\/3185"}],"wp:featuredmedia":[{"embeddable":true,"href":"https:\/\/news.ubbcluj.ro\/ge\/wp-json\/wp\/v2\/media\/3182"}],"wp:attachment":[{"href":"https:\/\/news.ubbcluj.ro\/ge\/wp-json\/wp\/v2\/media?parent=3180"}],"wp:term":[{"taxonomy":"post_tag","embeddable":true,"href":"https:\/\/news.ubbcluj.ro\/ge\/wp-json\/wp\/v2\/tags?post=3180"},{"taxonomy":"tribe_events_cat","embeddable":true,"href":"https:\/\/news.ubbcluj.ro\/ge\/wp-json\/wp\/v2\/tribe_events_cat?post=3180"}],"curies":[{"name":"wp","href":"https:\/\/api.w.org\/{rel}","templated":true}]}}

Die Österreichbibliothek Klausenburg stellt sich vor

<p>Im Rahmen des 25. Jubiläums der Deutschsprachigen Studienrichtung an der BBU organisiert die Österreich Bibliothek Klausenburg einen Vorstellungsabend. Die 17-jährige Geschichte der Bibliothek innerhalb der Universität wird Revue passiert und die aktuellen Projekte und Veranstaltungen werden vorgestellt.</p>
<p><strong>Wann?</strong> Am 19. November 2020, 18 Uhr</p>
<p><strong>Wo?</strong> Zoom (Meeting ID: 4965420423 / Passcode: 3m8Gst)</p>
<p><strong>Kontaktperson</strong>: Dr. phil. Laura Laza, Leiterin Österreich-Bibliothek, <a href="mailto:Laura.Laza@ubbcluj.ro" target="_blank" rel="noopener noreferrer">laura.laza@ubbcluj.ro</a></p>
<p>&nbsp;</p>
<p style="text-align: center;"><a href="https://news.ubbcluj.ro/ge/event/die-osterreichbibliothek-klausenburg-stellt-sich-vor/event_osterreichbibliothek/" rel="attachment wp-att-3182"><img loading="lazy" decoding="async" class="alignnone size-full wp-image-3182" src="https://news.ubbcluj.ro/ge/wp-content/uploads/2020/11/event_osterreichbibliothek.png" alt="" width="640" height="452" data-id="3182" srcset="https://news.ubbcluj.ro/ge/wp-content/uploads/2020/11/event_osterreichbibliothek.png 640w, https://news.ubbcluj.ro/ge/wp-content/uploads/2020/11/event_osterreichbibliothek-300x212.png 300w, https://news.ubbcluj.ro/ge/wp-content/uploads/2020/11/event_osterreichbibliothek-100x71.png 100w, https://news.ubbcluj.ro/ge/wp-content/uploads/2020/11/event_osterreichbibliothek-150x106.png 150w, https://news.ubbcluj.ro/ge/wp-content/uploads/2020/11/event_osterreichbibliothek-200x141.png 200w, https://news.ubbcluj.ro/ge/wp-content/uploads/2020/11/event_osterreichbibliothek-450x318.png 450w, https://news.ubbcluj.ro/ge/wp-content/uploads/2020/11/event_osterreichbibliothek-600x424.png 600w" sizes="(max-width: 640px) 100vw, 640px" /></a></p>

<p>Im Rahmen des 25. Jubiläums der Deutschsprachigen Studienrichtung an der BBU organisiert die Österreich Bibliothek Klausenburg einen Vorstellungsabend. Die 17-jährige Geschichte der Bibliothek innerhalb der Universität wird Revue passiert und die aktuellen Projekte und Veranstaltungen werden vorgestellt. Wann? Am 19. &hellip;</p>
<p class="read-more"> <a class="more-link" href="https://news.ubbcluj.ro/ge/event/die-osterreichbibliothek-klausenburg-stellt-sich-vor/"> <span class="screen-reader-text">Die Österreichbibliothek Klausenburg stellt sich vor</span> Read More &raquo;</a></p>

<!-- This site is optimized with the Yoast SEO plugin v21.9.1 - https://yoast.com/wordpress/plugins/seo/ -->
<title>Die Österreichbibliothek Klausenburg stellt sich vor - BBUNEWS</title>
<meta name="robots" content="index, follow, max-snippet:-1, max-image-preview:large, max-video-preview:-1" />
<link rel="canonical" href="https://news.ubbcluj.ro/ge/event/die-osterreichbibliothek-klausenburg-stellt-sich-vor/" />
<meta property="og:locale" content="en_US" />
<meta property="og:type" content="article" />
<meta property="og:title" content="Die Österreichbibliothek Klausenburg stellt sich vor - BBUNEWS" />
<meta property="og:description" content="Im Rahmen des 25. Jubiläums der Deutschsprachigen Studienrichtung an der BBU organisiert die Österreich Bibliothek Klausenburg einen Vorstellungsabend. Die 17-jährige Geschichte der Bibliothek innerhalb der Universität wird Revue passiert und die aktuellen Projekte und Veranstaltungen werden vorgestellt. Wann? Am 19. &hellip; Die Österreichbibliothek Klausenburg stellt sich vor Read More &raquo;" />
<meta property="og:url" content="https://news.ubbcluj.ro/ge/event/die-osterreichbibliothek-klausenburg-stellt-sich-vor/" />
<meta property="og:site_name" content="BBUNEWS" />
<meta property="article:modified_time" content="2020-11-17T08:53:13+00:00" />
<meta property="og:image" content="https://news.ubbcluj.ro/ge/wp-content/uploads/2020/11/event_osterreichbibliothek.png" />
	<meta property="og:image:width" content="640" />
	<meta property="og:image:height" content="452" />
	<meta property="og:image:type" content="image/png" />
<meta name="twitter:card" content="summary_large_image" />
<script type="application/ld+json" class="yoast-schema-graph">{"@context":"https://schema.org","@graph":[{"@type":"WebPage","@id":"https://news.ubbcluj.ro/ge/event/die-osterreichbibliothek-klausenburg-stellt-sich-vor/","url":"https://news.ubbcluj.ro/ge/event/die-osterreichbibliothek-klausenburg-stellt-sich-vor/","name":"Die Österreichbibliothek Klausenburg stellt sich vor - BBUNEWS","isPartOf":{"@id":"https://news.ubbcluj.ro/ge/#website"},"datePublished":"2020-11-17T08:52:09+00:00","dateModified":"2020-11-17T08:53:13+00:00","breadcrumb":{"@id":"https://news.ubbcluj.ro/ge/event/die-osterreichbibliothek-klausenburg-stellt-sich-vor/#breadcrumb"},"inLanguage":"en-US","potentialAction":[{"@type":"ReadAction","target":["https://news.ubbcluj.ro/ge/event/die-osterreichbibliothek-klausenburg-stellt-sich-vor/"]}]},{"@type":"BreadcrumbList","@id":"https://news.ubbcluj.ro/ge/event/die-osterreichbibliothek-klausenburg-stellt-sich-vor/#breadcrumb","itemListElement":[{"@type":"ListItem","position":1,"name":"Home","item":"https://news.ubbcluj.ro/ge/"},{"@type":"ListItem","position":2,"name":"Events","item":"https://news.ubbcluj.ro/ge/events/"},{"@type":"ListItem","position":3,"name":"Die Österreichbibliothek Klausenburg stellt sich vor"}]},{"@type":"WebSite","@id":"https://news.ubbcluj.ro/ge/#website","url":"https://news.ubbcluj.ro/ge/","name":"BBUNEWS","description":"Neuigkeiten &amp; Veranstaltungen der BBU","publisher":{"@id":"https://news.ubbcluj.ro/ge/#organization"},"potentialAction":[{"@type":"SearchAction","target":{"@type":"EntryPoint","urlTemplate":"https://news.ubbcluj.ro/ge/?s={search_term_string}"},"query-input":"required name=search_term_string"}],"inLanguage":"en-US"},{"@type":"Organization","@id":"https://news.ubbcluj.ro/ge/#organization","name":"BBUNEWS","url":"https://news.ubbcluj.ro/ge/","logo":{"@type":"ImageObject","inLanguage":"en-US","@id":"https://news.ubbcluj.ro/ge/#/schema/logo/image/","url":"https://news.ubbcluj.ro/ge/wp-content/uploads/2018/06/b6ba9f_63e01851b6664086b343aeeff55d7542-mv2.png","contentUrl":"https://news.ubbcluj.ro/ge/wp-content/uploads/2018/06/b6ba9f_63e01851b6664086b343aeeff55d7542-mv2.png","width":133,"height":93,"caption":"BBUNEWS"},"image":{"@id":"https://news.ubbcluj.ro/ge/#/schema/logo/image/"}}]}</script>
<!-- / Yoast SEO plugin. -->

Die Österreichbibliothek Klausenburg stellt sich vor - BBUNEWS

Im Rahmen des 25. Jubiläums der Deutschsprachigen Studienrichtung an der BBU organisiert die Österreich Bibliothek Klausenburg einen Vorstellungsabend. Die 17-jährige Geschichte der Bibliothek innerhalb der Universität wird Revue passiert und die aktuellen Projekte und Veranstaltungen werden vorgestellt. Wann? Am 19. &hellip; Die Österreichbibliothek Klausenburg stellt sich vor Read More &raquo;
