{"version":"1.0","provider_name":"Kommunik\u00e1ci\u00f3 \u00e9s PR iroda","provider_url":"https:\/\/news.ubbcluj.ro\/hu","title":"\u201eR\u00e9szv\u00e9t helyett r\u00e9szv\u00e9tel!\u201d - \u00d6nk\u00e9ntess\u00e9g Vil\u00e1gnapja - Kommunik\u00e1ci\u00f3 \u00e9s PR iroda","type":"rich","width":600,"height":338,"html":"<blockquote class=\"wp-embedded-content\" data-secret=\"eQtyM58buP\"><a href=\"https:\/\/news.ubbcluj.ro\/hu\/event\/reszvet-helyett-reszvetel-onkentesseg-vilagnapja\/\">\u201eR\u00e9szv\u00e9t helyett r\u00e9szv\u00e9tel!\u201d &#8211; \u00d6nk\u00e9ntess\u00e9g Vil\u00e1gnapja<\/a><\/blockquote><iframe sandbox=\"allow-scripts\" security=\"restricted\" src=\"https:\/\/news.ubbcluj.ro\/hu\/event\/reszvet-helyett-reszvetel-onkentesseg-vilagnapja\/embed\/#?secret=eQtyM58buP\" width=\"600\" height=\"338\" title=\"&#8220;\u201eR\u00e9szv\u00e9t helyett r\u00e9szv\u00e9tel!\u201d &#8211; \u00d6nk\u00e9ntess\u00e9g Vil\u00e1gnapja&#8221; &#8212; Kommunik\u00e1ci\u00f3 \u00e9s PR iroda\" data-secret=\"eQtyM58buP\" frameborder=\"0\" marginwidth=\"0\" marginheight=\"0\" scrolling=\"no\" class=\"wp-embedded-content\"><\/iframe><script>\n\/*! This file is auto-generated *\/\n!function(d,l){\"use strict\";l.querySelector&&d.addEventListener&&\"undefined\"!=typeof URL&&(d.wp=d.wp||{},d.wp.receiveEmbedMessage||(d.wp.receiveEmbedMessage=function(e){var t=e.data;if((t||t.secret||t.message||t.value)&&!\/[^a-zA-Z0-9]\/.test(t.secret)){for(var s,r,n,a=l.querySelectorAll('iframe[data-secret=\"'+t.secret+'\"]'),o=l.querySelectorAll('blockquote[data-secret=\"'+t.secret+'\"]'),c=new RegExp(\"^https?:$\",\"i\"),i=0;i<o.length;i++)o[i].style.display=\"none\";for(i=0;i<a.length;i++)s=a[i],e.source===s.contentWindow&&(s.removeAttribute(\"style\"),\"height\"===t.message?(1e3<(r=parseInt(t.value,10))?r=1e3:~~r<200&&(r=200),s.height=r):\"link\"===t.message&&(r=new URL(s.getAttribute(\"src\")),n=new URL(t.value),c.test(n.protocol))&&n.host===r.host&&l.activeElement===s&&(d.top.location.href=t.value))}},d.addEventListener(\"message\",d.wp.receiveEmbedMessage,!1),l.addEventListener(\"DOMContentLoaded\",function(){for(var e,t,s=l.querySelectorAll(\"iframe.wp-embedded-content\"),r=0;r<s.length;r++)(t=(e=s[r]).getAttribute(\"data-secret\"))||(t=Math.random().toString(36).substring(2,12),e.src+=\"#?secret=\"+t,e.setAttribute(\"data-secret\",t)),e.contentWindow.postMessage({message:\"ready\",secret:t},\"*\")},!1)))}(window,document);\n<\/script>\n","thumbnail_url":"https:\/\/news.ubbcluj.ro\/hu\/wp-content\/uploads\/2016\/12\/1magy.jpg","thumbnail_width":1588,"thumbnail_height":2246,"description":"\u201eR\u00e9szv\u00e9t helyett r\u00e9szv\u00e9tel!\u201d jelig\u00e9vel szakmai napot tart a kolozsv\u00e1ri Magyar Szociol\u00f3gia \u00e9s Szoci\u00e1lis Munka Int\u00e9zet december 5.-\u00e9n, az \u00d6nk\u00e9ntess\u00e9g Vil\u00e1gnapja alkalm\u00e1b\u00f3l. Erre a rendezv\u00e9nyre k\u00e9t tev\u00e9kenys\u00e9get tervez\u00fcnk: utcai falfest\u00e9st, mint k\u00f6z\u00f6ss\u00e9gi figyelem-felh\u00edv\u00f3 akci\u00f3t a v\u00e1ros b\u00e1rmely \u00e9rdekl\u0151d\u0151 polg\u00e1ra sz\u00e1m\u00e1ra \u00e9s &hellip;  Tov\u00e1bb &raquo;"}

Kommunikáció és PR iroda

„Részvét helyett részvétel!” - Önkéntesség Világnapja - Kommunikáció és PR iroda

<blockquote class="wp-embedded-content" data-secret="eQtyM58buP"><a href="https://news.ubbcluj.ro/hu/event/reszvet-helyett-reszvetel-onkentesseg-vilagnapja/">„Részvét helyett részvétel!” &#8211; Önkéntesség Világnapja</a></blockquote><iframe sandbox="allow-scripts" security="restricted" src="https://news.ubbcluj.ro/hu/event/reszvet-helyett-reszvetel-onkentesseg-vilagnapja/embed/#?secret=eQtyM58buP" width="600" height="338" title="&#8220;„Részvét helyett részvétel!” &#8211; Önkéntesség Világnapja&#8221; &#8212; Kommunikáció és PR iroda" data-secret="eQtyM58buP" frameborder="0" marginwidth="0" marginheight="0" scrolling="no" class="wp-embedded-content"></iframe><script>
/*! This file is auto-generated */
!function(d,l){"use strict";l.querySelector&&d.addEventListener&&"undefined"!=typeof URL&&(d.wp=d.wp||{},d.wp.receiveEmbedMessage||(d.wp.receiveEmbedMessage=function(e){var t=e.data;if((t||t.secret||t.message||t.value)&&!/[^a-zA-Z0-9]/.test(t.secret)){for(var s,r,n,a=l.querySelectorAll('iframe[data-secret="'+t.secret+'"]'),o=l.querySelectorAll('blockquote[data-secret="'+t.secret+'"]'),c=new RegExp("^https?:$","i"),i=0;i<o.length;i++)o[i].style.display="none";for(i=0;i<a.length;i++)s=a[i],e.source===s.contentWindow&&(s.removeAttribute("style"),"height"===t.message?(1e3<(r=parseInt(t.value,10))?r=1e3:~~r<200&&(r=200),s.height=r):"link"===t.message&&(r=new URL(s.getAttribute("src")),n=new URL(t.value),c.test(n.protocol))&&n.host===r.host&&l.activeElement===s&&(d.top.location.href=t.value))}},d.addEventListener("message",d.wp.receiveEmbedMessage,!1),l.addEventListener("DOMContentLoaded",function(){for(var e,t,s=l.querySelectorAll("iframe.wp-embedded-content"),r=0;r<s.length;r++)(t=(e=s[r]).getAttribute("data-secret"))||(t=Math.random().toString(36).substring(2,12),e.src+="#?secret="+t,e.setAttribute("data-secret",t)),e.contentWindow.postMessage({message:"ready",secret:t},"*")},!1)))}(window,document);
</script>

„Részvét helyett részvétel!” jeligével szakmai napot tart a kolozsvári Magyar Szociológia és Szociális Munka Intézet december 5.-én, az Önkéntesség Világnapja alkalmából. Erre a rendezvényre két tevékenységet tervezünk: utcai falfestést, mint közösségi figyelem-felhívó akciót a város bármely érdeklődő polgára számára és &hellip;  Tovább &raquo;
