{"id":1189,"date":"2017-04-05T14:12:40","date_gmt":"2017-04-05T11:12:40","guid":{"rendered":"https:\/\/news.ubbcluj.ro\/hu\/?post_type=tribe_events&#038;p=1189"},"modified":"2017-04-05T14:12:40","modified_gmt":"2017-04-05T11:12:40","slug":"konferenciafelhivas-mikro-es-makrovilagok-interdiszciplinaris-parbeszed-vi","status":"publish","type":"tribe_events","link":"https:\/\/news.ubbcluj.ro\/hu\/event\/konferenciafelhivas-mikro-es-makrovilagok-interdiszciplinaris-parbeszed-vi\/","title":{"rendered":"Konferenciafelh\u00edv\u00e1s: Mikro- \u00e9s makrovil\u00e1gok. Interdiszciplin\u00e1ris p\u00e1rbesz\u00e9d VI."},"content":{"rendered":"<p>A Bolyai T\u00e1rsas\u00e1g a BBTE-el egy\u00fcttm\u0171k\u00f6dve ebben az \u00e9vben is alkalmat teremt a p\u00e1rbesz\u00e9dre egy \u00fajabb nemzetk\u00f6zi interdiszciplin\u00e1ris konferencia megszervez\u00e9s\u00e9vel, <strong><em>Mikro- \u00e9s makrovil\u00e1gok<\/em><\/strong> c\u00edmmel, <strong>okt\u00f3ber 20-21<\/strong>-\u00e9n.<\/p>\n<p><a href=\"http:\/\/www.bolyait.ro\/blog\/2017\/03\/27\/konferenciafelhivas-mikro-es-makrovilagok-interdiszciplinaris-parbeszed-vi\/\">R\u00e9szletek<\/a><\/p>\n","protected":false},"excerpt":{"rendered":"<p>A Bolyai T\u00e1rsas\u00e1g a BBTE-el egy\u00fcttm\u0171k\u00f6dve ebben az \u00e9vben is alkalmat teremt a p\u00e1rbesz\u00e9dre egy \u00fajabb nemzetk\u00f6zi interdiszciplin\u00e1ris konferencia megszervez\u00e9s\u00e9vel, Mikro- \u00e9s makrovil\u00e1gok c\u00edmmel, okt\u00f3ber 20-21-\u00e9n. R\u00e9szletek<\/p>\n","protected":false},"author":9,"featured_media":1190,"comment_status":"closed","ping_status":"closed","template":"","meta":{"_tribe_events_status":"","_tribe_events_status_reason":""},"tags":[],"tribe_events_cat":[],"yoast_head":"<!-- This site is optimized with the Yoast SEO plugin v21.9.1 - https:\/\/yoast.com\/wordpress\/plugins\/seo\/ -->\n<title>Konferenciafelh\u00edv\u00e1s: Mikro- \u00e9s makrovil\u00e1gok. Interdiszciplin\u00e1ris p\u00e1rbesz\u00e9d VI. - Kommunik\u00e1ci\u00f3 \u00e9s PR iroda<\/title>\n<meta name=\"robots\" content=\"index, follow, max-snippet:-1, max-image-preview:large, max-video-preview:-1\" \/>\n<link rel=\"canonical\" href=\"https:\/\/news.ubbcluj.ro\/hu\/event\/konferenciafelhivas-mikro-es-makrovilagok-interdiszciplinaris-parbeszed-vi\/\" \/>\n<meta property=\"og:locale\" content=\"hu_HU\" \/>\n<meta property=\"og:type\" content=\"article\" \/>\n<meta property=\"og:title\" content=\"Konferenciafelh\u00edv\u00e1s: Mikro- \u00e9s makrovil\u00e1gok. Interdiszciplin\u00e1ris p\u00e1rbesz\u00e9d VI. - Kommunik\u00e1ci\u00f3 \u00e9s PR iroda\" \/>\n<meta property=\"og:description\" content=\"A Bolyai T\u00e1rsas\u00e1g a BBTE-el egy\u00fcttm\u0171k\u00f6dve ebben az \u00e9vben is alkalmat teremt a p\u00e1rbesz\u00e9dre egy \u00fajabb nemzetk\u00f6zi interdiszciplin\u00e1ris konferencia megszervez\u00e9s\u00e9vel, Mikro- \u00e9s makrovil\u00e1gok c\u00edmmel, okt\u00f3ber 20-21-\u00e9n. R\u00e9szletek\" \/>\n<meta property=\"og:url\" content=\"https:\/\/news.ubbcluj.ro\/hu\/event\/konferenciafelhivas-mikro-es-makrovilagok-interdiszciplinaris-parbeszed-vi\/\" \/>\n<meta property=\"og:site_name\" content=\"Kommunik\u00e1ci\u00f3 \u00e9s PR iroda\" \/>\n<meta property=\"og:image\" content=\"https:\/\/news.ubbcluj.ro\/hu\/wp-content\/uploads\/2017\/04\/cropped-fejlec11.jpg\" \/>\n\t<meta property=\"og:image:width\" content=\"780\" \/>\n\t<meta property=\"og:image:height\" content=\"172\" \/>\n\t<meta property=\"og:image:type\" content=\"image\/jpeg\" \/>\n<meta name=\"twitter:card\" content=\"summary_large_image\" \/>\n<script type=\"application\/ld+json\" class=\"yoast-schema-graph\">{\"@context\":\"https:\/\/schema.org\",\"@graph\":[{\"@type\":\"WebPage\",\"@id\":\"https:\/\/news.ubbcluj.ro\/hu\/event\/konferenciafelhivas-mikro-es-makrovilagok-interdiszciplinaris-parbeszed-vi\/\",\"url\":\"https:\/\/news.ubbcluj.ro\/hu\/event\/konferenciafelhivas-mikro-es-makrovilagok-interdiszciplinaris-parbeszed-vi\/\",\"name\":\"Konferenciafelh\u00edv\u00e1s: Mikro- \u00e9s makrovil\u00e1gok. Interdiszciplin\u00e1ris p\u00e1rbesz\u00e9d VI. - Kommunik\u00e1ci\u00f3 \u00e9s PR iroda\",\"isPartOf\":{\"@id\":\"https:\/\/news.ubbcluj.ro\/hu\/#website\"},\"datePublished\":\"2017-04-05T11:12:40+00:00\",\"dateModified\":\"2017-04-05T11:12:40+00:00\",\"breadcrumb\":{\"@id\":\"https:\/\/news.ubbcluj.ro\/hu\/event\/konferenciafelhivas-mikro-es-makrovilagok-interdiszciplinaris-parbeszed-vi\/#breadcrumb\"},\"inLanguage\":\"hu\",\"potentialAction\":[{\"@type\":\"ReadAction\",\"target\":[\"https:\/\/news.ubbcluj.ro\/hu\/event\/konferenciafelhivas-mikro-es-makrovilagok-interdiszciplinaris-parbeszed-vi\/\"]}]},{\"@type\":\"BreadcrumbList\",\"@id\":\"https:\/\/news.ubbcluj.ro\/hu\/event\/konferenciafelhivas-mikro-es-makrovilagok-interdiszciplinaris-parbeszed-vi\/#breadcrumb\",\"itemListElement\":[{\"@type\":\"ListItem\",\"position\":1,\"name\":\"Home\",\"item\":\"https:\/\/news.ubbcluj.ro\/hu\/\"},{\"@type\":\"ListItem\",\"position\":2,\"name\":\"Esem\u00e9nyek\",\"item\":\"https:\/\/news.ubbcluj.ro\/hu\/events\/\"},{\"@type\":\"ListItem\",\"position\":3,\"name\":\"Konferenciafelh\u00edv\u00e1s: Mikro- \u00e9s makrovil\u00e1gok. Interdiszciplin\u00e1ris p\u00e1rbesz\u00e9d VI.\"}]},{\"@type\":\"WebSite\",\"@id\":\"https:\/\/news.ubbcluj.ro\/hu\/#website\",\"url\":\"https:\/\/news.ubbcluj.ro\/hu\/\",\"name\":\"Kommunik\u00e1ci\u00f3 \u00e9s PR iroda\",\"description\":\"Babe\u0219-Bolyai Tudom\u00e1negyetem\",\"potentialAction\":[{\"@type\":\"SearchAction\",\"target\":{\"@type\":\"EntryPoint\",\"urlTemplate\":\"https:\/\/news.ubbcluj.ro\/hu\/?s={search_term_string}\"},\"query-input\":\"required name=search_term_string\"}],\"inLanguage\":\"hu\"}]}<\/script>\n<!-- \/ Yoast SEO plugin. -->","yoast_head_json":{"title":"Konferenciafelh\u00edv\u00e1s: Mikro- \u00e9s makrovil\u00e1gok. Interdiszciplin\u00e1ris p\u00e1rbesz\u00e9d VI. - Kommunik\u00e1ci\u00f3 \u00e9s PR iroda","robots":{"index":"index","follow":"follow","max-snippet":"max-snippet:-1","max-image-preview":"max-image-preview:large","max-video-preview":"max-video-preview:-1"},"canonical":"https:\/\/news.ubbcluj.ro\/hu\/event\/konferenciafelhivas-mikro-es-makrovilagok-interdiszciplinaris-parbeszed-vi\/","og_locale":"hu_HU","og_type":"article","og_title":"Konferenciafelh\u00edv\u00e1s: Mikro- \u00e9s makrovil\u00e1gok. Interdiszciplin\u00e1ris p\u00e1rbesz\u00e9d VI. - Kommunik\u00e1ci\u00f3 \u00e9s PR iroda","og_description":"A Bolyai T\u00e1rsas\u00e1g a BBTE-el egy\u00fcttm\u0171k\u00f6dve ebben az \u00e9vben is alkalmat teremt a p\u00e1rbesz\u00e9dre egy \u00fajabb nemzetk\u00f6zi interdiszciplin\u00e1ris konferencia megszervez\u00e9s\u00e9vel, Mikro- \u00e9s makrovil\u00e1gok c\u00edmmel, okt\u00f3ber 20-21-\u00e9n. R\u00e9szletek","og_url":"https:\/\/news.ubbcluj.ro\/hu\/event\/konferenciafelhivas-mikro-es-makrovilagok-interdiszciplinaris-parbeszed-vi\/","og_site_name":"Kommunik\u00e1ci\u00f3 \u00e9s PR iroda","og_image":[{"width":780,"height":172,"url":"https:\/\/news.ubbcluj.ro\/hu\/wp-content\/uploads\/2017\/04\/cropped-fejlec11.jpg","type":"image\/jpeg"}],"twitter_card":"summary_large_image","schema":{"@context":"https:\/\/schema.org","@graph":[{"@type":"WebPage","@id":"https:\/\/news.ubbcluj.ro\/hu\/event\/konferenciafelhivas-mikro-es-makrovilagok-interdiszciplinaris-parbeszed-vi\/","url":"https:\/\/news.ubbcluj.ro\/hu\/event\/konferenciafelhivas-mikro-es-makrovilagok-interdiszciplinaris-parbeszed-vi\/","name":"Konferenciafelh\u00edv\u00e1s: Mikro- \u00e9s makrovil\u00e1gok. Interdiszciplin\u00e1ris p\u00e1rbesz\u00e9d VI. - Kommunik\u00e1ci\u00f3 \u00e9s PR iroda","isPartOf":{"@id":"https:\/\/news.ubbcluj.ro\/hu\/#website"},"datePublished":"2017-04-05T11:12:40+00:00","dateModified":"2017-04-05T11:12:40+00:00","breadcrumb":{"@id":"https:\/\/news.ubbcluj.ro\/hu\/event\/konferenciafelhivas-mikro-es-makrovilagok-interdiszciplinaris-parbeszed-vi\/#breadcrumb"},"inLanguage":"hu","potentialAction":[{"@type":"ReadAction","target":["https:\/\/news.ubbcluj.ro\/hu\/event\/konferenciafelhivas-mikro-es-makrovilagok-interdiszciplinaris-parbeszed-vi\/"]}]},{"@type":"BreadcrumbList","@id":"https:\/\/news.ubbcluj.ro\/hu\/event\/konferenciafelhivas-mikro-es-makrovilagok-interdiszciplinaris-parbeszed-vi\/#breadcrumb","itemListElement":[{"@type":"ListItem","position":1,"name":"Home","item":"https:\/\/news.ubbcluj.ro\/hu\/"},{"@type":"ListItem","position":2,"name":"Esem\u00e9nyek","item":"https:\/\/news.ubbcluj.ro\/hu\/events\/"},{"@type":"ListItem","position":3,"name":"Konferenciafelh\u00edv\u00e1s: Mikro- \u00e9s makrovil\u00e1gok. Interdiszciplin\u00e1ris p\u00e1rbesz\u00e9d VI."}]},{"@type":"WebSite","@id":"https:\/\/news.ubbcluj.ro\/hu\/#website","url":"https:\/\/news.ubbcluj.ro\/hu\/","name":"Kommunik\u00e1ci\u00f3 \u00e9s PR iroda","description":"Babe\u0219-Bolyai Tudom\u00e1negyetem","potentialAction":[{"@type":"SearchAction","target":{"@type":"EntryPoint","urlTemplate":"https:\/\/news.ubbcluj.ro\/hu\/?s={search_term_string}"},"query-input":"required name=search_term_string"}],"inLanguage":"hu"}]}},"_links":{"self":[{"href":"https:\/\/news.ubbcluj.ro\/hu\/wp-json\/wp\/v2\/tribe_events\/1189"}],"collection":[{"href":"https:\/\/news.ubbcluj.ro\/hu\/wp-json\/wp\/v2\/tribe_events"}],"about":[{"href":"https:\/\/news.ubbcluj.ro\/hu\/wp-json\/wp\/v2\/types\/tribe_events"}],"author":[{"embeddable":true,"href":"https:\/\/news.ubbcluj.ro\/hu\/wp-json\/wp\/v2\/users\/9"}],"replies":[{"embeddable":true,"href":"https:\/\/news.ubbcluj.ro\/hu\/wp-json\/wp\/v2\/comments?post=1189"}],"version-history":[{"count":1,"href":"https:\/\/news.ubbcluj.ro\/hu\/wp-json\/wp\/v2\/tribe_events\/1189\/revisions"}],"predecessor-version":[{"id":1191,"href":"https:\/\/news.ubbcluj.ro\/hu\/wp-json\/wp\/v2\/tribe_events\/1189\/revisions\/1191"}],"wp:featuredmedia":[{"embeddable":true,"href":"https:\/\/news.ubbcluj.ro\/hu\/wp-json\/wp\/v2\/media\/1190"}],"wp:attachment":[{"href":"https:\/\/news.ubbcluj.ro\/hu\/wp-json\/wp\/v2\/media?parent=1189"}],"wp:term":[{"taxonomy":"post_tag","embeddable":true,"href":"https:\/\/news.ubbcluj.ro\/hu\/wp-json\/wp\/v2\/tags?post=1189"},{"taxonomy":"tribe_events_cat","embeddable":true,"href":"https:\/\/news.ubbcluj.ro\/hu\/wp-json\/wp\/v2\/tribe_events_cat?post=1189"}],"curies":[{"name":"wp","href":"https:\/\/api.w.org\/{rel}","templated":true}]}}

Konferenciafelhívás: Mikro- és makrovilágok. Interdiszciplináris párbeszéd VI.

<p>A Bolyai Társaság a BBTE-el együttműködve ebben az évben is alkalmat teremt a párbeszédre egy újabb nemzetközi interdiszciplináris konferencia megszervezésével, <strong><em>Mikro- és makrovilágok</em></strong> címmel, <strong>október 20-21</strong>-én.</p>
<p><a href="http://www.bolyait.ro/blog/2017/03/27/konferenciafelhivas-mikro-es-makrovilagok-interdiszciplinaris-parbeszed-vi/">Részletek</a></p>

<p>A Bolyai Társaság a BBTE-el együttműködve ebben az évben is alkalmat teremt a párbeszédre egy újabb nemzetközi interdiszciplináris konferencia megszervezésével, Mikro- és makrovilágok címmel, október 20-21-én. Részletek</p>

<!-- This site is optimized with the Yoast SEO plugin v21.9.1 - https://yoast.com/wordpress/plugins/seo/ -->
<title>Konferenciafelhívás: Mikro- és makrovilágok. Interdiszciplináris párbeszéd VI. - Kommunikáció és PR iroda</title>
<meta name="robots" content="index, follow, max-snippet:-1, max-image-preview:large, max-video-preview:-1" />
<link rel="canonical" href="https://news.ubbcluj.ro/hu/event/konferenciafelhivas-mikro-es-makrovilagok-interdiszciplinaris-parbeszed-vi/" />
<meta property="og:locale" content="hu_HU" />
<meta property="og:type" content="article" />
<meta property="og:title" content="Konferenciafelhívás: Mikro- és makrovilágok. Interdiszciplináris párbeszéd VI. - Kommunikáció és PR iroda" />
<meta property="og:description" content="A Bolyai Társaság a BBTE-el együttműködve ebben az évben is alkalmat teremt a párbeszédre egy újabb nemzetközi interdiszciplináris konferencia megszervezésével, Mikro- és makrovilágok címmel, október 20-21-én. Részletek" />
<meta property="og:url" content="https://news.ubbcluj.ro/hu/event/konferenciafelhivas-mikro-es-makrovilagok-interdiszciplinaris-parbeszed-vi/" />
<meta property="og:site_name" content="Kommunikáció és PR iroda" />
<meta property="og:image" content="https://news.ubbcluj.ro/hu/wp-content/uploads/2017/04/cropped-fejlec11.jpg" />
	<meta property="og:image:width" content="780" />
	<meta property="og:image:height" content="172" />
	<meta property="og:image:type" content="image/jpeg" />
<meta name="twitter:card" content="summary_large_image" />
<script type="application/ld+json" class="yoast-schema-graph">{"@context":"https://schema.org","@graph":[{"@type":"WebPage","@id":"https://news.ubbcluj.ro/hu/event/konferenciafelhivas-mikro-es-makrovilagok-interdiszciplinaris-parbeszed-vi/","url":"https://news.ubbcluj.ro/hu/event/konferenciafelhivas-mikro-es-makrovilagok-interdiszciplinaris-parbeszed-vi/","name":"Konferenciafelhívás: Mikro- és makrovilágok. Interdiszciplináris párbeszéd VI. - Kommunikáció és PR iroda","isPartOf":{"@id":"https://news.ubbcluj.ro/hu/#website"},"datePublished":"2017-04-05T11:12:40+00:00","dateModified":"2017-04-05T11:12:40+00:00","breadcrumb":{"@id":"https://news.ubbcluj.ro/hu/event/konferenciafelhivas-mikro-es-makrovilagok-interdiszciplinaris-parbeszed-vi/#breadcrumb"},"inLanguage":"hu","potentialAction":[{"@type":"ReadAction","target":["https://news.ubbcluj.ro/hu/event/konferenciafelhivas-mikro-es-makrovilagok-interdiszciplinaris-parbeszed-vi/"]}]},{"@type":"BreadcrumbList","@id":"https://news.ubbcluj.ro/hu/event/konferenciafelhivas-mikro-es-makrovilagok-interdiszciplinaris-parbeszed-vi/#breadcrumb","itemListElement":[{"@type":"ListItem","position":1,"name":"Home","item":"https://news.ubbcluj.ro/hu/"},{"@type":"ListItem","position":2,"name":"Események","item":"https://news.ubbcluj.ro/hu/events/"},{"@type":"ListItem","position":3,"name":"Konferenciafelhívás: Mikro- és makrovilágok. Interdiszciplináris párbeszéd VI."}]},{"@type":"WebSite","@id":"https://news.ubbcluj.ro/hu/#website","url":"https://news.ubbcluj.ro/hu/","name":"Kommunikáció és PR iroda","description":"Babeș-Bolyai Tudománegyetem","potentialAction":[{"@type":"SearchAction","target":{"@type":"EntryPoint","urlTemplate":"https://news.ubbcluj.ro/hu/?s={search_term_string}"},"query-input":"required name=search_term_string"}],"inLanguage":"hu"}]}</script>
<!-- / Yoast SEO plugin. -->

Konferenciafelhívás: Mikro- és makrovilágok. Interdiszciplináris párbeszéd VI. - Kommunikáció és PR iroda

A Bolyai Társaság a BBTE-el együttműködve ebben az évben is alkalmat teremt a párbeszédre egy újabb nemzetközi interdiszciplináris konferencia megszervezésével, Mikro- és makrovilágok címmel, október 20-21-én. Részletek

Kommunikáció és PR iroda

Események

Babeș-Bolyai Tudománegyetem
