{"id":5858,"date":"2022-09-27T15:01:09","date_gmt":"2022-09-27T12:01:09","guid":{"rendered":"https:\/\/news.ubbcluj.ro\/hu\/?post_type=tribe_events&#038;p=5858"},"modified":"2022-09-27T15:03:20","modified_gmt":"2022-09-27T12:03:20","slug":"a-babes-bolyai-tudomanyegyetem-tanevnyitoja-3","status":"publish","type":"tribe_events","link":"https:\/\/news.ubbcluj.ro\/hu\/event\/a-babes-bolyai-tudomanyegyetem-tanevnyitoja-3\/","title":{"rendered":"A Babe\u0219\u2013Bolyai Tudom\u00e1nyegyetem tan\u00e9vnyit\u00f3ja"},"content":{"rendered":"<div class=\"kvgmc6g5 cxmmr5t8 oygrvhab hcukyx3x c1et5uql\">2022. okt\u00f3ber 3-\u00e1n, 16 \u00f3rakor ker\u00fcl sor a Babe\u015f\u2013Bolyai Tudom\u00e1nyegyetem Magyar Tagozat\u00e1nak hivatalos tan\u00e9vnyit\u00f3 \u00fcnneps\u00e9g\u00e9re.<\/div>\n<div class=\"cxmmr5t8 oygrvhab hcukyx3x c1et5uql o9v6fnle\">\u00dcnnepi el\u0151ad\u00e1st tart dr. Silye L\u00f3r\u00e1nd <em>A f\u00f6ldtudom\u00e1nyok m\u0171vel\u00e9se 150 \u00e9ve \u00e9s ma<\/em>\u00a0c\u00edmmel.<\/div>\n<div class=\"cxmmr5t8 oygrvhab hcukyx3x c1et5uql o9v6fnle\">K\u00f6sz\u00f6nt\u0151t mond:<\/div>\n<ul>\n<li class=\"cxmmr5t8 oygrvhab hcukyx3x c1et5uql o9v6fnle\">dr. So\u00f3s Anna rektorhelyettes<\/li>\n<li class=\"cxmmr5t8 oygrvhab hcukyx3x c1et5uql o9v6fnle\">Hatos Attila, a KMDSZ eln\u00f6ke<\/li>\n<\/ul>\n<div><\/div>\n<div>Fell\u00e9p a Visszhang k\u00f3rus.<\/div>\n<div><\/div>\n<div class=\"cxmmr5t8 oygrvhab hcukyx3x c1et5uql o9v6fnle\">Minden \u00e9rdekl\u0151d\u0151t szeretettel v\u00e1runk!<\/div>\n","protected":false},"excerpt":{"rendered":"<p>2022. okt\u00f3ber 3-\u00e1n, 16 \u00f3rakor ker\u00fcl sor a Babe\u015f\u2013Bolyai Tudom\u00e1nyegyetem Magyar Tagozat\u00e1nak hivatalos tan\u00e9vnyit\u00f3 \u00fcnneps\u00e9g\u00e9re. \u00dcnnepi el\u0151ad\u00e1st tart dr. Silye L\u00f3r\u00e1nd A f\u00f6ldtudom\u00e1nyok m\u0171vel\u00e9se 150 \u00e9ve \u00e9s ma\u00a0c\u00edmmel. K\u00f6sz\u00f6nt\u0151t mond: dr. So\u00f3s Anna rektorhelyettes Hatos Attila, a KMDSZ eln\u00f6ke Fell\u00e9p &hellip;<\/p>\n<p class=\"read-more\"> <a class=\"more-link\" href=\"https:\/\/news.ubbcluj.ro\/hu\/event\/a-babes-bolyai-tudomanyegyetem-tanevnyitoja-3\/\"> <span class=\"screen-reader-text\">A Babe\u0219\u2013Bolyai Tudom\u00e1nyegyetem tan\u00e9vnyit\u00f3ja<\/span> Tov\u00e1bb &raquo;<\/a><\/p>\n","protected":false},"author":9,"featured_media":5859,"comment_status":"closed","ping_status":"closed","template":"","meta":{"_tribe_events_status":"","_tribe_events_status_reason":""},"tags":[],"tribe_events_cat":[14,18],"yoast_head":"<!-- This site is optimized with the Yoast SEO plugin v21.9.1 - https:\/\/yoast.com\/wordpress\/plugins\/seo\/ -->\n<title>A Babe\u0219\u2013Bolyai Tudom\u00e1nyegyetem tan\u00e9vnyit\u00f3ja - Kommunik\u00e1ci\u00f3 \u00e9s PR iroda<\/title>\n<meta name=\"robots\" content=\"index, follow, max-snippet:-1, max-image-preview:large, max-video-preview:-1\" \/>\n<link rel=\"canonical\" href=\"https:\/\/news.ubbcluj.ro\/hu\/event\/a-babes-bolyai-tudomanyegyetem-tanevnyitoja-3\/\" \/>\n<meta property=\"og:locale\" content=\"hu_HU\" \/>\n<meta property=\"og:type\" content=\"article\" \/>\n<meta property=\"og:title\" content=\"A Babe\u0219\u2013Bolyai Tudom\u00e1nyegyetem tan\u00e9vnyit\u00f3ja - Kommunik\u00e1ci\u00f3 \u00e9s PR iroda\" \/>\n<meta property=\"og:description\" content=\"2022. okt\u00f3ber 3-\u00e1n, 16 \u00f3rakor ker\u00fcl sor a Babe\u015f\u2013Bolyai Tudom\u00e1nyegyetem Magyar Tagozat\u00e1nak hivatalos tan\u00e9vnyit\u00f3 \u00fcnneps\u00e9g\u00e9re. \u00dcnnepi el\u0151ad\u00e1st tart dr. Silye L\u00f3r\u00e1nd A f\u00f6ldtudom\u00e1nyok m\u0171vel\u00e9se 150 \u00e9ve \u00e9s ma\u00a0c\u00edmmel. K\u00f6sz\u00f6nt\u0151t mond: dr. So\u00f3s Anna rektorhelyettes Hatos Attila, a KMDSZ eln\u00f6ke Fell\u00e9p &hellip; A Babe\u0219\u2013Bolyai Tudom\u00e1nyegyetem tan\u00e9vnyit\u00f3ja Tov\u00e1bb &raquo;\" \/>\n<meta property=\"og:url\" content=\"https:\/\/news.ubbcluj.ro\/hu\/event\/a-babes-bolyai-tudomanyegyetem-tanevnyitoja-3\/\" \/>\n<meta property=\"og:site_name\" content=\"Kommunik\u00e1ci\u00f3 \u00e9s PR iroda\" \/>\n<meta property=\"article:modified_time\" content=\"2022-09-27T12:03:20+00:00\" \/>\n<meta property=\"og:image\" content=\"https:\/\/news.ubbcluj.ro\/hu\/wp-content\/uploads\/2022\/09\/evnyito_cover-02-2-2-1.png\" \/>\n\t<meta property=\"og:image:width\" content=\"800\" \/>\n\t<meta property=\"og:image:height\" content=\"590\" \/>\n\t<meta property=\"og:image:type\" content=\"image\/png\" \/>\n<meta name=\"twitter:card\" content=\"summary_large_image\" \/>\n<meta name=\"twitter:label1\" content=\"Becs\u00fclt olvas\u00e1si id\u0151\" \/>\n\t<meta name=\"twitter:data1\" content=\"1 perc\" \/>\n<script type=\"application\/ld+json\" class=\"yoast-schema-graph\">{\"@context\":\"https:\/\/schema.org\",\"@graph\":[{\"@type\":\"WebPage\",\"@id\":\"https:\/\/news.ubbcluj.ro\/hu\/event\/a-babes-bolyai-tudomanyegyetem-tanevnyitoja-3\/\",\"url\":\"https:\/\/news.ubbcluj.ro\/hu\/event\/a-babes-bolyai-tudomanyegyetem-tanevnyitoja-3\/\",\"name\":\"A Babe\u0219\u2013Bolyai Tudom\u00e1nyegyetem tan\u00e9vnyit\u00f3ja - Kommunik\u00e1ci\u00f3 \u00e9s PR iroda\",\"isPartOf\":{\"@id\":\"https:\/\/news.ubbcluj.ro\/hu\/#website\"},\"datePublished\":\"2022-09-27T12:01:09+00:00\",\"dateModified\":\"2022-09-27T12:03:20+00:00\",\"breadcrumb\":{\"@id\":\"https:\/\/news.ubbcluj.ro\/hu\/event\/a-babes-bolyai-tudomanyegyetem-tanevnyitoja-3\/#breadcrumb\"},\"inLanguage\":\"hu\",\"potentialAction\":[{\"@type\":\"ReadAction\",\"target\":[\"https:\/\/news.ubbcluj.ro\/hu\/event\/a-babes-bolyai-tudomanyegyetem-tanevnyitoja-3\/\"]}]},{\"@type\":\"BreadcrumbList\",\"@id\":\"https:\/\/news.ubbcluj.ro\/hu\/event\/a-babes-bolyai-tudomanyegyetem-tanevnyitoja-3\/#breadcrumb\",\"itemListElement\":[{\"@type\":\"ListItem\",\"position\":1,\"name\":\"Home\",\"item\":\"https:\/\/news.ubbcluj.ro\/hu\/\"},{\"@type\":\"ListItem\",\"position\":2,\"name\":\"Esem\u00e9nyek\",\"item\":\"https:\/\/news.ubbcluj.ro\/hu\/events\/\"},{\"@type\":\"ListItem\",\"position\":3,\"name\":\"A Babe\u0219\u2013Bolyai Tudom\u00e1nyegyetem tan\u00e9vnyit\u00f3ja\"}]},{\"@type\":\"WebSite\",\"@id\":\"https:\/\/news.ubbcluj.ro\/hu\/#website\",\"url\":\"https:\/\/news.ubbcluj.ro\/hu\/\",\"name\":\"Kommunik\u00e1ci\u00f3 \u00e9s PR iroda\",\"description\":\"Babe\u0219-Bolyai Tudom\u00e1negyetem\",\"potentialAction\":[{\"@type\":\"SearchAction\",\"target\":{\"@type\":\"EntryPoint\",\"urlTemplate\":\"https:\/\/news.ubbcluj.ro\/hu\/?s={search_term_string}\"},\"query-input\":\"required name=search_term_string\"}],\"inLanguage\":\"hu\"}]}<\/script>\n<!-- \/ Yoast SEO plugin. -->","yoast_head_json":{"title":"A Babe\u0219\u2013Bolyai Tudom\u00e1nyegyetem tan\u00e9vnyit\u00f3ja - Kommunik\u00e1ci\u00f3 \u00e9s PR iroda","robots":{"index":"index","follow":"follow","max-snippet":"max-snippet:-1","max-image-preview":"max-image-preview:large","max-video-preview":"max-video-preview:-1"},"canonical":"https:\/\/news.ubbcluj.ro\/hu\/event\/a-babes-bolyai-tudomanyegyetem-tanevnyitoja-3\/","og_locale":"hu_HU","og_type":"article","og_title":"A Babe\u0219\u2013Bolyai Tudom\u00e1nyegyetem tan\u00e9vnyit\u00f3ja - Kommunik\u00e1ci\u00f3 \u00e9s PR iroda","og_description":"2022. okt\u00f3ber 3-\u00e1n, 16 \u00f3rakor ker\u00fcl sor a Babe\u015f\u2013Bolyai Tudom\u00e1nyegyetem Magyar Tagozat\u00e1nak hivatalos tan\u00e9vnyit\u00f3 \u00fcnneps\u00e9g\u00e9re. \u00dcnnepi el\u0151ad\u00e1st tart dr. Silye L\u00f3r\u00e1nd A f\u00f6ldtudom\u00e1nyok m\u0171vel\u00e9se 150 \u00e9ve \u00e9s ma\u00a0c\u00edmmel. K\u00f6sz\u00f6nt\u0151t mond: dr. So\u00f3s Anna rektorhelyettes Hatos Attila, a KMDSZ eln\u00f6ke Fell\u00e9p &hellip; A Babe\u0219\u2013Bolyai Tudom\u00e1nyegyetem tan\u00e9vnyit\u00f3ja Tov\u00e1bb &raquo;","og_url":"https:\/\/news.ubbcluj.ro\/hu\/event\/a-babes-bolyai-tudomanyegyetem-tanevnyitoja-3\/","og_site_name":"Kommunik\u00e1ci\u00f3 \u00e9s PR iroda","article_modified_time":"2022-09-27T12:03:20+00:00","og_image":[{"width":800,"height":590,"url":"https:\/\/news.ubbcluj.ro\/hu\/wp-content\/uploads\/2022\/09\/evnyito_cover-02-2-2-1.png","type":"image\/png"}],"twitter_card":"summary_large_image","twitter_misc":{"Becs\u00fclt olvas\u00e1si id\u0151":"1 perc"},"schema":{"@context":"https:\/\/schema.org","@graph":[{"@type":"WebPage","@id":"https:\/\/news.ubbcluj.ro\/hu\/event\/a-babes-bolyai-tudomanyegyetem-tanevnyitoja-3\/","url":"https:\/\/news.ubbcluj.ro\/hu\/event\/a-babes-bolyai-tudomanyegyetem-tanevnyitoja-3\/","name":"A Babe\u0219\u2013Bolyai Tudom\u00e1nyegyetem tan\u00e9vnyit\u00f3ja - Kommunik\u00e1ci\u00f3 \u00e9s PR iroda","isPartOf":{"@id":"https:\/\/news.ubbcluj.ro\/hu\/#website"},"datePublished":"2022-09-27T12:01:09+00:00","dateModified":"2022-09-27T12:03:20+00:00","breadcrumb":{"@id":"https:\/\/news.ubbcluj.ro\/hu\/event\/a-babes-bolyai-tudomanyegyetem-tanevnyitoja-3\/#breadcrumb"},"inLanguage":"hu","potentialAction":[{"@type":"ReadAction","target":["https:\/\/news.ubbcluj.ro\/hu\/event\/a-babes-bolyai-tudomanyegyetem-tanevnyitoja-3\/"]}]},{"@type":"BreadcrumbList","@id":"https:\/\/news.ubbcluj.ro\/hu\/event\/a-babes-bolyai-tudomanyegyetem-tanevnyitoja-3\/#breadcrumb","itemListElement":[{"@type":"ListItem","position":1,"name":"Home","item":"https:\/\/news.ubbcluj.ro\/hu\/"},{"@type":"ListItem","position":2,"name":"Esem\u00e9nyek","item":"https:\/\/news.ubbcluj.ro\/hu\/events\/"},{"@type":"ListItem","position":3,"name":"A Babe\u0219\u2013Bolyai Tudom\u00e1nyegyetem tan\u00e9vnyit\u00f3ja"}]},{"@type":"WebSite","@id":"https:\/\/news.ubbcluj.ro\/hu\/#website","url":"https:\/\/news.ubbcluj.ro\/hu\/","name":"Kommunik\u00e1ci\u00f3 \u00e9s PR iroda","description":"Babe\u0219-Bolyai Tudom\u00e1negyetem","potentialAction":[{"@type":"SearchAction","target":{"@type":"EntryPoint","urlTemplate":"https:\/\/news.ubbcluj.ro\/hu\/?s={search_term_string}"},"query-input":"required name=search_term_string"}],"inLanguage":"hu"}]}},"_links":{"self":[{"href":"https:\/\/news.ubbcluj.ro\/hu\/wp-json\/wp\/v2\/tribe_events\/5858"}],"collection":[{"href":"https:\/\/news.ubbcluj.ro\/hu\/wp-json\/wp\/v2\/tribe_events"}],"about":[{"href":"https:\/\/news.ubbcluj.ro\/hu\/wp-json\/wp\/v2\/types\/tribe_events"}],"author":[{"embeddable":true,"href":"https:\/\/news.ubbcluj.ro\/hu\/wp-json\/wp\/v2\/users\/9"}],"replies":[{"embeddable":true,"href":"https:\/\/news.ubbcluj.ro\/hu\/wp-json\/wp\/v2\/comments?post=5858"}],"version-history":[{"count":1,"href":"https:\/\/news.ubbcluj.ro\/hu\/wp-json\/wp\/v2\/tribe_events\/5858\/revisions"}],"predecessor-version":[{"id":5860,"href":"https:\/\/news.ubbcluj.ro\/hu\/wp-json\/wp\/v2\/tribe_events\/5858\/revisions\/5860"}],"wp:featuredmedia":[{"embeddable":true,"href":"https:\/\/news.ubbcluj.ro\/hu\/wp-json\/wp\/v2\/media\/5859"}],"wp:attachment":[{"href":"https:\/\/news.ubbcluj.ro\/hu\/wp-json\/wp\/v2\/media?parent=5858"}],"wp:term":[{"taxonomy":"post_tag","embeddable":true,"href":"https:\/\/news.ubbcluj.ro\/hu\/wp-json\/wp\/v2\/tags?post=5858"},{"taxonomy":"tribe_events_cat","embeddable":true,"href":"https:\/\/news.ubbcluj.ro\/hu\/wp-json\/wp\/v2\/tribe_events_cat?post=5858"}],"curies":[{"name":"wp","href":"https:\/\/api.w.org\/{rel}","templated":true}]}}

A Babeș–Bolyai Tudományegyetem tanévnyitója

<div class="kvgmc6g5 cxmmr5t8 oygrvhab hcukyx3x c1et5uql">2022. október 3-án, 16 órakor kerül sor a Babeş–Bolyai Tudományegyetem Magyar Tagozatának hivatalos tanévnyitó ünnepségére.</div>
<div class="cxmmr5t8 oygrvhab hcukyx3x c1et5uql o9v6fnle">Ünnepi előadást tart dr. Silye Lóránd <em>A földtudományok művelése 150 éve és ma</em> címmel.</div>
<div class="cxmmr5t8 oygrvhab hcukyx3x c1et5uql o9v6fnle">Köszöntőt mond:</div>
<ul>
<li class="cxmmr5t8 oygrvhab hcukyx3x c1et5uql o9v6fnle">dr. Soós Anna rektorhelyettes</li>
<li class="cxmmr5t8 oygrvhab hcukyx3x c1et5uql o9v6fnle">Hatos Attila, a KMDSZ elnöke</li>
</ul>
<div></div>
<div>Fellép a Visszhang kórus.</div>
<div></div>
<div class="cxmmr5t8 oygrvhab hcukyx3x c1et5uql o9v6fnle">Minden érdeklődőt szeretettel várunk!</div>

<p>2022. október 3-án, 16 órakor kerül sor a Babeş–Bolyai Tudományegyetem Magyar Tagozatának hivatalos tanévnyitó ünnepségére. Ünnepi előadást tart dr. Silye Lóránd A földtudományok művelése 150 éve és ma címmel. Köszöntőt mond: dr. Soós Anna rektorhelyettes Hatos Attila, a KMDSZ elnöke Fellép &hellip;</p>
<p class="read-more"> <a class="more-link" href="https://news.ubbcluj.ro/hu/event/a-babes-bolyai-tudomanyegyetem-tanevnyitoja-3/"> <span class="screen-reader-text">A Babeș–Bolyai Tudományegyetem tanévnyitója</span> Tovább &raquo;</a></p>

<!-- This site is optimized with the Yoast SEO plugin v21.9.1 - https://yoast.com/wordpress/plugins/seo/ -->
<title>A Babeș–Bolyai Tudományegyetem tanévnyitója - Kommunikáció és PR iroda</title>
<meta name="robots" content="index, follow, max-snippet:-1, max-image-preview:large, max-video-preview:-1" />
<link rel="canonical" href="https://news.ubbcluj.ro/hu/event/a-babes-bolyai-tudomanyegyetem-tanevnyitoja-3/" />
<meta property="og:locale" content="hu_HU" />
<meta property="og:type" content="article" />
<meta property="og:title" content="A Babeș–Bolyai Tudományegyetem tanévnyitója - Kommunikáció és PR iroda" />
<meta property="og:description" content="2022. október 3-án, 16 órakor kerül sor a Babeş–Bolyai Tudományegyetem Magyar Tagozatának hivatalos tanévnyitó ünnepségére. Ünnepi előadást tart dr. Silye Lóránd A földtudományok művelése 150 éve és ma címmel. Köszöntőt mond: dr. Soós Anna rektorhelyettes Hatos Attila, a KMDSZ elnöke Fellép &hellip; A Babeș–Bolyai Tudományegyetem tanévnyitója Tovább &raquo;" />
<meta property="og:url" content="https://news.ubbcluj.ro/hu/event/a-babes-bolyai-tudomanyegyetem-tanevnyitoja-3/" />
<meta property="og:site_name" content="Kommunikáció és PR iroda" />
<meta property="article:modified_time" content="2022-09-27T12:03:20+00:00" />
<meta property="og:image" content="https://news.ubbcluj.ro/hu/wp-content/uploads/2022/09/evnyito_cover-02-2-2-1.png" />
	<meta property="og:image:width" content="800" />
	<meta property="og:image:height" content="590" />
	<meta property="og:image:type" content="image/png" />
<meta name="twitter:card" content="summary_large_image" />
<meta name="twitter:label1" content="Becsült olvasási idő" />
	<meta name="twitter:data1" content="1 perc" />
<script type="application/ld+json" class="yoast-schema-graph">{"@context":"https://schema.org","@graph":[{"@type":"WebPage","@id":"https://news.ubbcluj.ro/hu/event/a-babes-bolyai-tudomanyegyetem-tanevnyitoja-3/","url":"https://news.ubbcluj.ro/hu/event/a-babes-bolyai-tudomanyegyetem-tanevnyitoja-3/","name":"A Babeș–Bolyai Tudományegyetem tanévnyitója - Kommunikáció és PR iroda","isPartOf":{"@id":"https://news.ubbcluj.ro/hu/#website"},"datePublished":"2022-09-27T12:01:09+00:00","dateModified":"2022-09-27T12:03:20+00:00","breadcrumb":{"@id":"https://news.ubbcluj.ro/hu/event/a-babes-bolyai-tudomanyegyetem-tanevnyitoja-3/#breadcrumb"},"inLanguage":"hu","potentialAction":[{"@type":"ReadAction","target":["https://news.ubbcluj.ro/hu/event/a-babes-bolyai-tudomanyegyetem-tanevnyitoja-3/"]}]},{"@type":"BreadcrumbList","@id":"https://news.ubbcluj.ro/hu/event/a-babes-bolyai-tudomanyegyetem-tanevnyitoja-3/#breadcrumb","itemListElement":[{"@type":"ListItem","position":1,"name":"Home","item":"https://news.ubbcluj.ro/hu/"},{"@type":"ListItem","position":2,"name":"Események","item":"https://news.ubbcluj.ro/hu/events/"},{"@type":"ListItem","position":3,"name":"A Babeș–Bolyai Tudományegyetem tanévnyitója"}]},{"@type":"WebSite","@id":"https://news.ubbcluj.ro/hu/#website","url":"https://news.ubbcluj.ro/hu/","name":"Kommunikáció és PR iroda","description":"Babeș-Bolyai Tudománegyetem","potentialAction":[{"@type":"SearchAction","target":{"@type":"EntryPoint","urlTemplate":"https://news.ubbcluj.ro/hu/?s={search_term_string}"},"query-input":"required name=search_term_string"}],"inLanguage":"hu"}]}</script>
<!-- / Yoast SEO plugin. -->

A Babeș–Bolyai Tudományegyetem tanévnyitója - Kommunikáció és PR iroda

2022. október 3-án, 16 órakor kerül sor a Babeş–Bolyai Tudományegyetem Magyar Tagozatának hivatalos tanévnyitó ünnepségére. Ünnepi előadást tart dr. Silye Lóránd A földtudományok művelése 150 éve és ma címmel. Köszöntőt mond: dr. Soós Anna rektorhelyettes Hatos Attila, a KMDSZ elnöke Fellép &hellip; A Babeș–Bolyai Tudományegyetem tanévnyitója Tovább &raquo;

Kommunikáció és PR iroda

Események

Babeș-Bolyai Tudománegyetem
