{"id":5912,"date":"2022-11-03T10:24:10","date_gmt":"2022-11-03T08:24:10","guid":{"rendered":"https:\/\/news.ubbcluj.ro\/hu\/?post_type=tribe_events&#038;p=5912"},"modified":"2022-11-03T10:24:10","modified_gmt":"2022-11-03T08:24:10","slug":"a-bbte-tiszteletbeli-doktori-dhc-cimet-adomanyoz-dr-lovasz-laszlonak","status":"publish","type":"tribe_events","link":"https:\/\/news.ubbcluj.ro\/hu\/event\/a-bbte-tiszteletbeli-doktori-dhc-cimet-adomanyoz-dr-lovasz-laszlonak\/","title":{"rendered":"A BBTE tiszteletbeli doktori (DHC) c\u00edmet adom\u00e1nyoz dr. Lov\u00e1sz L\u00e1szl\u00f3nak"},"content":{"rendered":"<p>2022. november 10-\u00e9n, 11 \u00f3rakor a BBTE tiszteletbeli doktorr\u00e1 avatja dr. Lov\u00e1sz L\u00e1szl\u00f3 akad\u00e9mikus, egyetemi tan\u00e1rt, a budapesti E\u00f6tv\u00f6s Lor\u00e1nd Tudom\u00e1nyegyetem professor emeritus\u00e1t, a budapesti R\u00e9nyi Alfr\u00e9d Matematikai Kutat\u00f3int\u00e9zet tagj\u00e1t.<\/p>\n<p>Az \u00fcnneps\u00e9get KOCCINT\u00c1S k\u00f6veti a Piramis \u00c9tteremben (E. de Martonne\/Sz\u00ednh\u00e1z u. 1. sz.) 13:15-t\u0151l.<\/p>\n","protected":false},"excerpt":{"rendered":"<p>2022. november 10-\u00e9n, 11 \u00f3rakor a BBTE tiszteletbeli doktorr\u00e1 avatja dr. Lov\u00e1sz L\u00e1szl\u00f3 akad\u00e9mikus, egyetemi tan\u00e1rt, a budapesti E\u00f6tv\u00f6s Lor\u00e1nd Tudom\u00e1nyegyetem professor emeritus\u00e1t, a budapesti R\u00e9nyi Alfr\u00e9d Matematikai Kutat\u00f3int\u00e9zet tagj\u00e1t. Az \u00fcnneps\u00e9get KOCCINT\u00c1S k\u00f6veti a Piramis \u00c9tteremben (E. de Martonne\/Sz\u00ednh\u00e1z &hellip;<\/p>\n<p class=\"read-more\"> <a class=\"more-link\" href=\"https:\/\/news.ubbcluj.ro\/hu\/event\/a-bbte-tiszteletbeli-doktori-dhc-cimet-adomanyoz-dr-lovasz-laszlonak\/\"> <span class=\"screen-reader-text\">A BBTE tiszteletbeli doktori (DHC) c\u00edmet adom\u00e1nyoz dr. Lov\u00e1sz L\u00e1szl\u00f3nak<\/span> Tov\u00e1bb &raquo;<\/a><\/p>\n","protected":false},"author":9,"featured_media":5913,"comment_status":"closed","ping_status":"closed","template":"","meta":{"_tribe_events_status":"","_tribe_events_status_reason":""},"tags":[],"tribe_events_cat":[14,18],"yoast_head":"<!-- This site is optimized with the Yoast SEO plugin v21.9.1 - https:\/\/yoast.com\/wordpress\/plugins\/seo\/ -->\n<title>A BBTE tiszteletbeli doktori (DHC) c\u00edmet adom\u00e1nyoz dr. Lov\u00e1sz L\u00e1szl\u00f3nak - Kommunik\u00e1ci\u00f3 \u00e9s PR iroda<\/title>\n<meta name=\"robots\" content=\"index, follow, max-snippet:-1, max-image-preview:large, max-video-preview:-1\" \/>\n<link rel=\"canonical\" href=\"https:\/\/news.ubbcluj.ro\/hu\/event\/a-bbte-tiszteletbeli-doktori-dhc-cimet-adomanyoz-dr-lovasz-laszlonak\/\" \/>\n<meta property=\"og:locale\" content=\"hu_HU\" \/>\n<meta property=\"og:type\" content=\"article\" \/>\n<meta property=\"og:title\" content=\"A BBTE tiszteletbeli doktori (DHC) c\u00edmet adom\u00e1nyoz dr. Lov\u00e1sz L\u00e1szl\u00f3nak - Kommunik\u00e1ci\u00f3 \u00e9s PR iroda\" \/>\n<meta property=\"og:description\" content=\"2022. november 10-\u00e9n, 11 \u00f3rakor a BBTE tiszteletbeli doktorr\u00e1 avatja dr. Lov\u00e1sz L\u00e1szl\u00f3 akad\u00e9mikus, egyetemi tan\u00e1rt, a budapesti E\u00f6tv\u00f6s Lor\u00e1nd Tudom\u00e1nyegyetem professor emeritus\u00e1t, a budapesti R\u00e9nyi Alfr\u00e9d Matematikai Kutat\u00f3int\u00e9zet tagj\u00e1t. Az \u00fcnneps\u00e9get KOCCINT\u00c1S k\u00f6veti a Piramis \u00c9tteremben (E. de Martonne\/Sz\u00ednh\u00e1z &hellip; A BBTE tiszteletbeli doktori (DHC) c\u00edmet adom\u00e1nyoz dr. Lov\u00e1sz L\u00e1szl\u00f3nak Tov\u00e1bb &raquo;\" \/>\n<meta property=\"og:url\" content=\"https:\/\/news.ubbcluj.ro\/hu\/event\/a-bbte-tiszteletbeli-doktori-dhc-cimet-adomanyoz-dr-lovasz-laszlonak\/\" \/>\n<meta property=\"og:site_name\" content=\"Kommunik\u00e1ci\u00f3 \u00e9s PR iroda\" \/>\n<meta property=\"og:image\" content=\"https:\/\/news.ubbcluj.ro\/hu\/wp-content\/uploads\/2022\/11\/DHC_Lovasz-02.png\" \/>\n\t<meta property=\"og:image:width\" content=\"844\" \/>\n\t<meta property=\"og:image:height\" content=\"844\" \/>\n\t<meta property=\"og:image:type\" content=\"image\/png\" \/>\n<meta name=\"twitter:card\" content=\"summary_large_image\" \/>\n<meta name=\"twitter:label1\" content=\"Becs\u00fclt olvas\u00e1si id\u0151\" \/>\n\t<meta name=\"twitter:data1\" content=\"1 perc\" \/>\n<script type=\"application\/ld+json\" class=\"yoast-schema-graph\">{\"@context\":\"https:\/\/schema.org\",\"@graph\":[{\"@type\":\"WebPage\",\"@id\":\"https:\/\/news.ubbcluj.ro\/hu\/event\/a-bbte-tiszteletbeli-doktori-dhc-cimet-adomanyoz-dr-lovasz-laszlonak\/\",\"url\":\"https:\/\/news.ubbcluj.ro\/hu\/event\/a-bbte-tiszteletbeli-doktori-dhc-cimet-adomanyoz-dr-lovasz-laszlonak\/\",\"name\":\"A BBTE tiszteletbeli doktori (DHC) c\u00edmet adom\u00e1nyoz dr. Lov\u00e1sz L\u00e1szl\u00f3nak - Kommunik\u00e1ci\u00f3 \u00e9s PR iroda\",\"isPartOf\":{\"@id\":\"https:\/\/news.ubbcluj.ro\/hu\/#website\"},\"datePublished\":\"2022-11-03T08:24:10+00:00\",\"dateModified\":\"2022-11-03T08:24:10+00:00\",\"breadcrumb\":{\"@id\":\"https:\/\/news.ubbcluj.ro\/hu\/event\/a-bbte-tiszteletbeli-doktori-dhc-cimet-adomanyoz-dr-lovasz-laszlonak\/#breadcrumb\"},\"inLanguage\":\"hu\",\"potentialAction\":[{\"@type\":\"ReadAction\",\"target\":[\"https:\/\/news.ubbcluj.ro\/hu\/event\/a-bbte-tiszteletbeli-doktori-dhc-cimet-adomanyoz-dr-lovasz-laszlonak\/\"]}]},{\"@type\":\"BreadcrumbList\",\"@id\":\"https:\/\/news.ubbcluj.ro\/hu\/event\/a-bbte-tiszteletbeli-doktori-dhc-cimet-adomanyoz-dr-lovasz-laszlonak\/#breadcrumb\",\"itemListElement\":[{\"@type\":\"ListItem\",\"position\":1,\"name\":\"Home\",\"item\":\"https:\/\/news.ubbcluj.ro\/hu\/\"},{\"@type\":\"ListItem\",\"position\":2,\"name\":\"Esem\u00e9nyek\",\"item\":\"https:\/\/news.ubbcluj.ro\/hu\/events\/\"},{\"@type\":\"ListItem\",\"position\":3,\"name\":\"A BBTE tiszteletbeli doktori (DHC) c\u00edmet adom\u00e1nyoz dr. Lov\u00e1sz L\u00e1szl\u00f3nak\"}]},{\"@type\":\"WebSite\",\"@id\":\"https:\/\/news.ubbcluj.ro\/hu\/#website\",\"url\":\"https:\/\/news.ubbcluj.ro\/hu\/\",\"name\":\"Kommunik\u00e1ci\u00f3 \u00e9s PR iroda\",\"description\":\"Babe\u0219-Bolyai Tudom\u00e1negyetem\",\"potentialAction\":[{\"@type\":\"SearchAction\",\"target\":{\"@type\":\"EntryPoint\",\"urlTemplate\":\"https:\/\/news.ubbcluj.ro\/hu\/?s={search_term_string}\"},\"query-input\":\"required name=search_term_string\"}],\"inLanguage\":\"hu\"}]}<\/script>\n<!-- \/ Yoast SEO plugin. -->","yoast_head_json":{"title":"A BBTE tiszteletbeli doktori (DHC) c\u00edmet adom\u00e1nyoz dr. Lov\u00e1sz L\u00e1szl\u00f3nak - Kommunik\u00e1ci\u00f3 \u00e9s PR iroda","robots":{"index":"index","follow":"follow","max-snippet":"max-snippet:-1","max-image-preview":"max-image-preview:large","max-video-preview":"max-video-preview:-1"},"canonical":"https:\/\/news.ubbcluj.ro\/hu\/event\/a-bbte-tiszteletbeli-doktori-dhc-cimet-adomanyoz-dr-lovasz-laszlonak\/","og_locale":"hu_HU","og_type":"article","og_title":"A BBTE tiszteletbeli doktori (DHC) c\u00edmet adom\u00e1nyoz dr. Lov\u00e1sz L\u00e1szl\u00f3nak - Kommunik\u00e1ci\u00f3 \u00e9s PR iroda","og_description":"2022. november 10-\u00e9n, 11 \u00f3rakor a BBTE tiszteletbeli doktorr\u00e1 avatja dr. Lov\u00e1sz L\u00e1szl\u00f3 akad\u00e9mikus, egyetemi tan\u00e1rt, a budapesti E\u00f6tv\u00f6s Lor\u00e1nd Tudom\u00e1nyegyetem professor emeritus\u00e1t, a budapesti R\u00e9nyi Alfr\u00e9d Matematikai Kutat\u00f3int\u00e9zet tagj\u00e1t. Az \u00fcnneps\u00e9get KOCCINT\u00c1S k\u00f6veti a Piramis \u00c9tteremben (E. de Martonne\/Sz\u00ednh\u00e1z &hellip; A BBTE tiszteletbeli doktori (DHC) c\u00edmet adom\u00e1nyoz dr. Lov\u00e1sz L\u00e1szl\u00f3nak Tov\u00e1bb &raquo;","og_url":"https:\/\/news.ubbcluj.ro\/hu\/event\/a-bbte-tiszteletbeli-doktori-dhc-cimet-adomanyoz-dr-lovasz-laszlonak\/","og_site_name":"Kommunik\u00e1ci\u00f3 \u00e9s PR iroda","og_image":[{"width":844,"height":844,"url":"https:\/\/news.ubbcluj.ro\/hu\/wp-content\/uploads\/2022\/11\/DHC_Lovasz-02.png","type":"image\/png"}],"twitter_card":"summary_large_image","twitter_misc":{"Becs\u00fclt olvas\u00e1si id\u0151":"1 perc"},"schema":{"@context":"https:\/\/schema.org","@graph":[{"@type":"WebPage","@id":"https:\/\/news.ubbcluj.ro\/hu\/event\/a-bbte-tiszteletbeli-doktori-dhc-cimet-adomanyoz-dr-lovasz-laszlonak\/","url":"https:\/\/news.ubbcluj.ro\/hu\/event\/a-bbte-tiszteletbeli-doktori-dhc-cimet-adomanyoz-dr-lovasz-laszlonak\/","name":"A BBTE tiszteletbeli doktori (DHC) c\u00edmet adom\u00e1nyoz dr. Lov\u00e1sz L\u00e1szl\u00f3nak - Kommunik\u00e1ci\u00f3 \u00e9s PR iroda","isPartOf":{"@id":"https:\/\/news.ubbcluj.ro\/hu\/#website"},"datePublished":"2022-11-03T08:24:10+00:00","dateModified":"2022-11-03T08:24:10+00:00","breadcrumb":{"@id":"https:\/\/news.ubbcluj.ro\/hu\/event\/a-bbte-tiszteletbeli-doktori-dhc-cimet-adomanyoz-dr-lovasz-laszlonak\/#breadcrumb"},"inLanguage":"hu","potentialAction":[{"@type":"ReadAction","target":["https:\/\/news.ubbcluj.ro\/hu\/event\/a-bbte-tiszteletbeli-doktori-dhc-cimet-adomanyoz-dr-lovasz-laszlonak\/"]}]},{"@type":"BreadcrumbList","@id":"https:\/\/news.ubbcluj.ro\/hu\/event\/a-bbte-tiszteletbeli-doktori-dhc-cimet-adomanyoz-dr-lovasz-laszlonak\/#breadcrumb","itemListElement":[{"@type":"ListItem","position":1,"name":"Home","item":"https:\/\/news.ubbcluj.ro\/hu\/"},{"@type":"ListItem","position":2,"name":"Esem\u00e9nyek","item":"https:\/\/news.ubbcluj.ro\/hu\/events\/"},{"@type":"ListItem","position":3,"name":"A BBTE tiszteletbeli doktori (DHC) c\u00edmet adom\u00e1nyoz dr. Lov\u00e1sz L\u00e1szl\u00f3nak"}]},{"@type":"WebSite","@id":"https:\/\/news.ubbcluj.ro\/hu\/#website","url":"https:\/\/news.ubbcluj.ro\/hu\/","name":"Kommunik\u00e1ci\u00f3 \u00e9s PR iroda","description":"Babe\u0219-Bolyai Tudom\u00e1negyetem","potentialAction":[{"@type":"SearchAction","target":{"@type":"EntryPoint","urlTemplate":"https:\/\/news.ubbcluj.ro\/hu\/?s={search_term_string}"},"query-input":"required name=search_term_string"}],"inLanguage":"hu"}]}},"_links":{"self":[{"href":"https:\/\/news.ubbcluj.ro\/hu\/wp-json\/wp\/v2\/tribe_events\/5912"}],"collection":[{"href":"https:\/\/news.ubbcluj.ro\/hu\/wp-json\/wp\/v2\/tribe_events"}],"about":[{"href":"https:\/\/news.ubbcluj.ro\/hu\/wp-json\/wp\/v2\/types\/tribe_events"}],"author":[{"embeddable":true,"href":"https:\/\/news.ubbcluj.ro\/hu\/wp-json\/wp\/v2\/users\/9"}],"replies":[{"embeddable":true,"href":"https:\/\/news.ubbcluj.ro\/hu\/wp-json\/wp\/v2\/comments?post=5912"}],"version-history":[{"count":1,"href":"https:\/\/news.ubbcluj.ro\/hu\/wp-json\/wp\/v2\/tribe_events\/5912\/revisions"}],"predecessor-version":[{"id":5914,"href":"https:\/\/news.ubbcluj.ro\/hu\/wp-json\/wp\/v2\/tribe_events\/5912\/revisions\/5914"}],"wp:featuredmedia":[{"embeddable":true,"href":"https:\/\/news.ubbcluj.ro\/hu\/wp-json\/wp\/v2\/media\/5913"}],"wp:attachment":[{"href":"https:\/\/news.ubbcluj.ro\/hu\/wp-json\/wp\/v2\/media?parent=5912"}],"wp:term":[{"taxonomy":"post_tag","embeddable":true,"href":"https:\/\/news.ubbcluj.ro\/hu\/wp-json\/wp\/v2\/tags?post=5912"},{"taxonomy":"tribe_events_cat","embeddable":true,"href":"https:\/\/news.ubbcluj.ro\/hu\/wp-json\/wp\/v2\/tribe_events_cat?post=5912"}],"curies":[{"name":"wp","href":"https:\/\/api.w.org\/{rel}","templated":true}]}}

A BBTE tiszteletbeli doktori (DHC) címet adományoz dr. Lovász Lászlónak

<p>2022. november 10-én, 11 órakor a BBTE tiszteletbeli doktorrá avatja dr. Lovász László akadémikus, egyetemi tanárt, a budapesti Eötvös Loránd Tudományegyetem professor emeritusát, a budapesti Rényi Alfréd Matematikai Kutatóintézet tagját.</p>
<p>Az ünnepséget KOCCINTÁS követi a Piramis Étteremben (E. de Martonne/Színház u. 1. sz.) 13:15-től.</p>

<p>2022. november 10-én, 11 órakor a BBTE tiszteletbeli doktorrá avatja dr. Lovász László akadémikus, egyetemi tanárt, a budapesti Eötvös Loránd Tudományegyetem professor emeritusát, a budapesti Rényi Alfréd Matematikai Kutatóintézet tagját. Az ünnepséget KOCCINTÁS követi a Piramis Étteremben (E. de Martonne/Színház &hellip;</p>
<p class="read-more"> <a class="more-link" href="https://news.ubbcluj.ro/hu/event/a-bbte-tiszteletbeli-doktori-dhc-cimet-adomanyoz-dr-lovasz-laszlonak/"> <span class="screen-reader-text">A BBTE tiszteletbeli doktori (DHC) címet adományoz dr. Lovász Lászlónak</span> Tovább &raquo;</a></p>

<!-- This site is optimized with the Yoast SEO plugin v21.9.1 - https://yoast.com/wordpress/plugins/seo/ -->
<title>A BBTE tiszteletbeli doktori (DHC) címet adományoz dr. Lovász Lászlónak - Kommunikáció és PR iroda</title>
<meta name="robots" content="index, follow, max-snippet:-1, max-image-preview:large, max-video-preview:-1" />
<link rel="canonical" href="https://news.ubbcluj.ro/hu/event/a-bbte-tiszteletbeli-doktori-dhc-cimet-adomanyoz-dr-lovasz-laszlonak/" />
<meta property="og:locale" content="hu_HU" />
<meta property="og:type" content="article" />
<meta property="og:title" content="A BBTE tiszteletbeli doktori (DHC) címet adományoz dr. Lovász Lászlónak - Kommunikáció és PR iroda" />
<meta property="og:description" content="2022. november 10-én, 11 órakor a BBTE tiszteletbeli doktorrá avatja dr. Lovász László akadémikus, egyetemi tanárt, a budapesti Eötvös Loránd Tudományegyetem professor emeritusát, a budapesti Rényi Alfréd Matematikai Kutatóintézet tagját. Az ünnepséget KOCCINTÁS követi a Piramis Étteremben (E. de Martonne/Színház &hellip; A BBTE tiszteletbeli doktori (DHC) címet adományoz dr. Lovász Lászlónak Tovább &raquo;" />
<meta property="og:url" content="https://news.ubbcluj.ro/hu/event/a-bbte-tiszteletbeli-doktori-dhc-cimet-adomanyoz-dr-lovasz-laszlonak/" />
<meta property="og:site_name" content="Kommunikáció és PR iroda" />
<meta property="og:image" content="https://news.ubbcluj.ro/hu/wp-content/uploads/2022/11/DHC_Lovasz-02.png" />
	<meta property="og:image:width" content="844" />
	<meta property="og:image:height" content="844" />
	<meta property="og:image:type" content="image/png" />
<meta name="twitter:card" content="summary_large_image" />
<meta name="twitter:label1" content="Becsült olvasási idő" />
	<meta name="twitter:data1" content="1 perc" />
<script type="application/ld+json" class="yoast-schema-graph">{"@context":"https://schema.org","@graph":[{"@type":"WebPage","@id":"https://news.ubbcluj.ro/hu/event/a-bbte-tiszteletbeli-doktori-dhc-cimet-adomanyoz-dr-lovasz-laszlonak/","url":"https://news.ubbcluj.ro/hu/event/a-bbte-tiszteletbeli-doktori-dhc-cimet-adomanyoz-dr-lovasz-laszlonak/","name":"A BBTE tiszteletbeli doktori (DHC) címet adományoz dr. Lovász Lászlónak - Kommunikáció és PR iroda","isPartOf":{"@id":"https://news.ubbcluj.ro/hu/#website"},"datePublished":"2022-11-03T08:24:10+00:00","dateModified":"2022-11-03T08:24:10+00:00","breadcrumb":{"@id":"https://news.ubbcluj.ro/hu/event/a-bbte-tiszteletbeli-doktori-dhc-cimet-adomanyoz-dr-lovasz-laszlonak/#breadcrumb"},"inLanguage":"hu","potentialAction":[{"@type":"ReadAction","target":["https://news.ubbcluj.ro/hu/event/a-bbte-tiszteletbeli-doktori-dhc-cimet-adomanyoz-dr-lovasz-laszlonak/"]}]},{"@type":"BreadcrumbList","@id":"https://news.ubbcluj.ro/hu/event/a-bbte-tiszteletbeli-doktori-dhc-cimet-adomanyoz-dr-lovasz-laszlonak/#breadcrumb","itemListElement":[{"@type":"ListItem","position":1,"name":"Home","item":"https://news.ubbcluj.ro/hu/"},{"@type":"ListItem","position":2,"name":"Események","item":"https://news.ubbcluj.ro/hu/events/"},{"@type":"ListItem","position":3,"name":"A BBTE tiszteletbeli doktori (DHC) címet adományoz dr. Lovász Lászlónak"}]},{"@type":"WebSite","@id":"https://news.ubbcluj.ro/hu/#website","url":"https://news.ubbcluj.ro/hu/","name":"Kommunikáció és PR iroda","description":"Babeș-Bolyai Tudománegyetem","potentialAction":[{"@type":"SearchAction","target":{"@type":"EntryPoint","urlTemplate":"https://news.ubbcluj.ro/hu/?s={search_term_string}"},"query-input":"required name=search_term_string"}],"inLanguage":"hu"}]}</script>
<!-- / Yoast SEO plugin. -->

A BBTE tiszteletbeli doktori (DHC) címet adományoz dr. Lovász Lászlónak - Kommunikáció és PR iroda

2022. november 10-én, 11 órakor a BBTE tiszteletbeli doktorrá avatja dr. Lovász László akadémikus, egyetemi tanárt, a budapesti Eötvös Loránd Tudományegyetem professor emeritusát, a budapesti Rényi Alfréd Matematikai Kutatóintézet tagját. Az ünnepséget KOCCINTÁS követi a Piramis Étteremben (E. de Martonne/Színház &hellip; A BBTE tiszteletbeli doktori (DHC) címet adományoz dr. Lovász Lászlónak Tovább &raquo;

Kommunikáció és PR iroda

Események

Babeș-Bolyai Tudománegyetem
