{"id":5915,"date":"2022-11-03T11:53:47","date_gmt":"2022-11-03T09:53:47","guid":{"rendered":"https:\/\/news.ubbcluj.ro\/hu\/?post_type=tribe_events&#038;p=5915"},"modified":"2022-11-03T11:56:12","modified_gmt":"2022-11-03T09:56:12","slug":"a-finn-nyelv-es-irodalom-szak-30-eves-unnepe","status":"publish","type":"tribe_events","link":"https:\/\/news.ubbcluj.ro\/hu\/event\/a-finn-nyelv-es-irodalom-szak-30-eves-unnepe\/","title":{"rendered":"A Finn nyelv \u00e9s irodalom szak 30 \u00e9ves \u00fcnnepe"},"content":{"rendered":"<div dir=\"auto\">Alap\u00edt\u00e1s\u00e1nak 30 \u00e9ves \u00e9vfordul\u00f3j\u00e1t \u00fcnnepli a BBTE Finn Nyelv \u00e9s Irodalom szaka.<\/div>\n<div dir=\"auto\">Az \u00fcnnepi rendezv\u00e9ny 2022. november 4-\u00e9n, p\u00e9nteken 11 \u00f3r\u00e1t\u00f3l kezd\u0151dik a B\u00f6lcs\u00e9szettudom\u00e1nyi Kar Popovici term\u00e9ben.<\/div>\n<div dir=\"auto\">A szervez\u0151k mindenkit szeretettel v\u00e1rnak!<\/div>\n<div dir=\"auto\"><img loading=\"lazy\" decoding=\"async\" class=\"aligncenter wp-image-5916 size-large\" src=\"https:\/\/news.ubbcluj.ro\/hu\/wp-content\/uploads\/2022\/11\/Plakat-HU-1-576x1024.jpg\" alt=\"\" width=\"576\" height=\"1024\" data-id=\"5916\" srcset=\"https:\/\/news.ubbcluj.ro\/hu\/wp-content\/uploads\/2022\/11\/Plakat-HU-1-576x1024.jpg 576w, https:\/\/news.ubbcluj.ro\/hu\/wp-content\/uploads\/2022\/11\/Plakat-HU-1-169x300.jpg 169w, https:\/\/news.ubbcluj.ro\/hu\/wp-content\/uploads\/2022\/11\/Plakat-HU-1-768x1365.jpg 768w, https:\/\/news.ubbcluj.ro\/hu\/wp-content\/uploads\/2022\/11\/Plakat-HU-1-864x1536.jpg 864w, https:\/\/news.ubbcluj.ro\/hu\/wp-content\/uploads\/2022\/11\/Plakat-HU-1-100x178.jpg 100w, https:\/\/news.ubbcluj.ro\/hu\/wp-content\/uploads\/2022\/11\/Plakat-HU-1-150x267.jpg 150w, https:\/\/news.ubbcluj.ro\/hu\/wp-content\/uploads\/2022\/11\/Plakat-HU-1-200x356.jpg 200w, https:\/\/news.ubbcluj.ro\/hu\/wp-content\/uploads\/2022\/11\/Plakat-HU-1-300x533.jpg 300w, https:\/\/news.ubbcluj.ro\/hu\/wp-content\/uploads\/2022\/11\/Plakat-HU-1-450x800.jpg 450w, https:\/\/news.ubbcluj.ro\/hu\/wp-content\/uploads\/2022\/11\/Plakat-HU-1-600x1067.jpg 600w, https:\/\/news.ubbcluj.ro\/hu\/wp-content\/uploads\/2022\/11\/Plakat-HU-1-900x1600.jpg 900w, https:\/\/news.ubbcluj.ro\/hu\/wp-content\/uploads\/2022\/11\/Plakat-HU-1.jpg 1080w\" sizes=\"(max-width: 576px) 100vw, 576px\" \/><\/div>\n","protected":false},"excerpt":{"rendered":"<p>Alap\u00edt\u00e1s\u00e1nak 30 \u00e9ves \u00e9vfordul\u00f3j\u00e1t \u00fcnnepli a BBTE Finn Nyelv \u00e9s Irodalom szaka. Az \u00fcnnepi rendezv\u00e9ny 2022. november 4-\u00e9n, p\u00e9nteken 11 \u00f3r\u00e1t\u00f3l kezd\u0151dik a B\u00f6lcs\u00e9szettudom\u00e1nyi Kar Popovici term\u00e9ben. A szervez\u0151k mindenkit szeretettel v\u00e1rnak!<\/p>\n","protected":false},"author":9,"featured_media":5916,"comment_status":"closed","ping_status":"closed","template":"","meta":{"_tribe_events_status":"","_tribe_events_status_reason":""},"tags":[],"tribe_events_cat":[14],"yoast_head":"<!-- This site is optimized with the Yoast SEO plugin v21.9.1 - https:\/\/yoast.com\/wordpress\/plugins\/seo\/ -->\n<title>A Finn nyelv \u00e9s irodalom szak 30 \u00e9ves \u00fcnnepe - Kommunik\u00e1ci\u00f3 \u00e9s PR iroda<\/title>\n<meta name=\"robots\" content=\"index, follow, max-snippet:-1, max-image-preview:large, max-video-preview:-1\" \/>\n<link rel=\"canonical\" href=\"https:\/\/news.ubbcluj.ro\/hu\/event\/a-finn-nyelv-es-irodalom-szak-30-eves-unnepe\/\" \/>\n<meta property=\"og:locale\" content=\"hu_HU\" \/>\n<meta property=\"og:type\" content=\"article\" \/>\n<meta property=\"og:title\" content=\"A Finn nyelv \u00e9s irodalom szak 30 \u00e9ves \u00fcnnepe - Kommunik\u00e1ci\u00f3 \u00e9s PR iroda\" \/>\n<meta property=\"og:description\" content=\"Alap\u00edt\u00e1s\u00e1nak 30 \u00e9ves \u00e9vfordul\u00f3j\u00e1t \u00fcnnepli a BBTE Finn Nyelv \u00e9s Irodalom szaka. Az \u00fcnnepi rendezv\u00e9ny 2022. november 4-\u00e9n, p\u00e9nteken 11 \u00f3r\u00e1t\u00f3l kezd\u0151dik a B\u00f6lcs\u00e9szettudom\u00e1nyi Kar Popovici term\u00e9ben. A szervez\u0151k mindenkit szeretettel v\u00e1rnak!\" \/>\n<meta property=\"og:url\" content=\"https:\/\/news.ubbcluj.ro\/hu\/event\/a-finn-nyelv-es-irodalom-szak-30-eves-unnepe\/\" \/>\n<meta property=\"og:site_name\" content=\"Kommunik\u00e1ci\u00f3 \u00e9s PR iroda\" \/>\n<meta property=\"article:modified_time\" content=\"2022-11-03T09:56:12+00:00\" \/>\n<meta property=\"og:image\" content=\"https:\/\/news.ubbcluj.ro\/hu\/wp-content\/uploads\/2022\/11\/Plakat-HU-1.jpg\" \/>\n\t<meta property=\"og:image:width\" content=\"1080\" \/>\n\t<meta property=\"og:image:height\" content=\"1920\" \/>\n\t<meta property=\"og:image:type\" content=\"image\/jpeg\" \/>\n<meta name=\"twitter:card\" content=\"summary_large_image\" \/>\n<meta name=\"twitter:label1\" content=\"Becs\u00fclt olvas\u00e1si id\u0151\" \/>\n\t<meta name=\"twitter:data1\" content=\"1 perc\" \/>\n<script type=\"application\/ld+json\" class=\"yoast-schema-graph\">{\"@context\":\"https:\/\/schema.org\",\"@graph\":[{\"@type\":\"WebPage\",\"@id\":\"https:\/\/news.ubbcluj.ro\/hu\/event\/a-finn-nyelv-es-irodalom-szak-30-eves-unnepe\/\",\"url\":\"https:\/\/news.ubbcluj.ro\/hu\/event\/a-finn-nyelv-es-irodalom-szak-30-eves-unnepe\/\",\"name\":\"A Finn nyelv \u00e9s irodalom szak 30 \u00e9ves \u00fcnnepe - Kommunik\u00e1ci\u00f3 \u00e9s PR iroda\",\"isPartOf\":{\"@id\":\"https:\/\/news.ubbcluj.ro\/hu\/#website\"},\"datePublished\":\"2022-11-03T09:53:47+00:00\",\"dateModified\":\"2022-11-03T09:56:12+00:00\",\"breadcrumb\":{\"@id\":\"https:\/\/news.ubbcluj.ro\/hu\/event\/a-finn-nyelv-es-irodalom-szak-30-eves-unnepe\/#breadcrumb\"},\"inLanguage\":\"hu\",\"potentialAction\":[{\"@type\":\"ReadAction\",\"target\":[\"https:\/\/news.ubbcluj.ro\/hu\/event\/a-finn-nyelv-es-irodalom-szak-30-eves-unnepe\/\"]}]},{\"@type\":\"BreadcrumbList\",\"@id\":\"https:\/\/news.ubbcluj.ro\/hu\/event\/a-finn-nyelv-es-irodalom-szak-30-eves-unnepe\/#breadcrumb\",\"itemListElement\":[{\"@type\":\"ListItem\",\"position\":1,\"name\":\"Home\",\"item\":\"https:\/\/news.ubbcluj.ro\/hu\/\"},{\"@type\":\"ListItem\",\"position\":2,\"name\":\"Esem\u00e9nyek\",\"item\":\"https:\/\/news.ubbcluj.ro\/hu\/events\/\"},{\"@type\":\"ListItem\",\"position\":3,\"name\":\"A Finn nyelv \u00e9s irodalom szak 30 \u00e9ves \u00fcnnepe\"}]},{\"@type\":\"WebSite\",\"@id\":\"https:\/\/news.ubbcluj.ro\/hu\/#website\",\"url\":\"https:\/\/news.ubbcluj.ro\/hu\/\",\"name\":\"Kommunik\u00e1ci\u00f3 \u00e9s PR iroda\",\"description\":\"Babe\u0219-Bolyai Tudom\u00e1negyetem\",\"potentialAction\":[{\"@type\":\"SearchAction\",\"target\":{\"@type\":\"EntryPoint\",\"urlTemplate\":\"https:\/\/news.ubbcluj.ro\/hu\/?s={search_term_string}\"},\"query-input\":\"required name=search_term_string\"}],\"inLanguage\":\"hu\"}]}<\/script>\n<!-- \/ Yoast SEO plugin. -->","yoast_head_json":{"title":"A Finn nyelv \u00e9s irodalom szak 30 \u00e9ves \u00fcnnepe - Kommunik\u00e1ci\u00f3 \u00e9s PR iroda","robots":{"index":"index","follow":"follow","max-snippet":"max-snippet:-1","max-image-preview":"max-image-preview:large","max-video-preview":"max-video-preview:-1"},"canonical":"https:\/\/news.ubbcluj.ro\/hu\/event\/a-finn-nyelv-es-irodalom-szak-30-eves-unnepe\/","og_locale":"hu_HU","og_type":"article","og_title":"A Finn nyelv \u00e9s irodalom szak 30 \u00e9ves \u00fcnnepe - Kommunik\u00e1ci\u00f3 \u00e9s PR iroda","og_description":"Alap\u00edt\u00e1s\u00e1nak 30 \u00e9ves \u00e9vfordul\u00f3j\u00e1t \u00fcnnepli a BBTE Finn Nyelv \u00e9s Irodalom szaka. Az \u00fcnnepi rendezv\u00e9ny 2022. november 4-\u00e9n, p\u00e9nteken 11 \u00f3r\u00e1t\u00f3l kezd\u0151dik a B\u00f6lcs\u00e9szettudom\u00e1nyi Kar Popovici term\u00e9ben. A szervez\u0151k mindenkit szeretettel v\u00e1rnak!","og_url":"https:\/\/news.ubbcluj.ro\/hu\/event\/a-finn-nyelv-es-irodalom-szak-30-eves-unnepe\/","og_site_name":"Kommunik\u00e1ci\u00f3 \u00e9s PR iroda","article_modified_time":"2022-11-03T09:56:12+00:00","og_image":[{"width":1080,"height":1920,"url":"https:\/\/news.ubbcluj.ro\/hu\/wp-content\/uploads\/2022\/11\/Plakat-HU-1.jpg","type":"image\/jpeg"}],"twitter_card":"summary_large_image","twitter_misc":{"Becs\u00fclt olvas\u00e1si id\u0151":"1 perc"},"schema":{"@context":"https:\/\/schema.org","@graph":[{"@type":"WebPage","@id":"https:\/\/news.ubbcluj.ro\/hu\/event\/a-finn-nyelv-es-irodalom-szak-30-eves-unnepe\/","url":"https:\/\/news.ubbcluj.ro\/hu\/event\/a-finn-nyelv-es-irodalom-szak-30-eves-unnepe\/","name":"A Finn nyelv \u00e9s irodalom szak 30 \u00e9ves \u00fcnnepe - Kommunik\u00e1ci\u00f3 \u00e9s PR iroda","isPartOf":{"@id":"https:\/\/news.ubbcluj.ro\/hu\/#website"},"datePublished":"2022-11-03T09:53:47+00:00","dateModified":"2022-11-03T09:56:12+00:00","breadcrumb":{"@id":"https:\/\/news.ubbcluj.ro\/hu\/event\/a-finn-nyelv-es-irodalom-szak-30-eves-unnepe\/#breadcrumb"},"inLanguage":"hu","potentialAction":[{"@type":"ReadAction","target":["https:\/\/news.ubbcluj.ro\/hu\/event\/a-finn-nyelv-es-irodalom-szak-30-eves-unnepe\/"]}]},{"@type":"BreadcrumbList","@id":"https:\/\/news.ubbcluj.ro\/hu\/event\/a-finn-nyelv-es-irodalom-szak-30-eves-unnepe\/#breadcrumb","itemListElement":[{"@type":"ListItem","position":1,"name":"Home","item":"https:\/\/news.ubbcluj.ro\/hu\/"},{"@type":"ListItem","position":2,"name":"Esem\u00e9nyek","item":"https:\/\/news.ubbcluj.ro\/hu\/events\/"},{"@type":"ListItem","position":3,"name":"A Finn nyelv \u00e9s irodalom szak 30 \u00e9ves \u00fcnnepe"}]},{"@type":"WebSite","@id":"https:\/\/news.ubbcluj.ro\/hu\/#website","url":"https:\/\/news.ubbcluj.ro\/hu\/","name":"Kommunik\u00e1ci\u00f3 \u00e9s PR iroda","description":"Babe\u0219-Bolyai Tudom\u00e1negyetem","potentialAction":[{"@type":"SearchAction","target":{"@type":"EntryPoint","urlTemplate":"https:\/\/news.ubbcluj.ro\/hu\/?s={search_term_string}"},"query-input":"required name=search_term_string"}],"inLanguage":"hu"}]}},"_links":{"self":[{"href":"https:\/\/news.ubbcluj.ro\/hu\/wp-json\/wp\/v2\/tribe_events\/5915"}],"collection":[{"href":"https:\/\/news.ubbcluj.ro\/hu\/wp-json\/wp\/v2\/tribe_events"}],"about":[{"href":"https:\/\/news.ubbcluj.ro\/hu\/wp-json\/wp\/v2\/types\/tribe_events"}],"author":[{"embeddable":true,"href":"https:\/\/news.ubbcluj.ro\/hu\/wp-json\/wp\/v2\/users\/9"}],"replies":[{"embeddable":true,"href":"https:\/\/news.ubbcluj.ro\/hu\/wp-json\/wp\/v2\/comments?post=5915"}],"version-history":[{"count":1,"href":"https:\/\/news.ubbcluj.ro\/hu\/wp-json\/wp\/v2\/tribe_events\/5915\/revisions"}],"predecessor-version":[{"id":5917,"href":"https:\/\/news.ubbcluj.ro\/hu\/wp-json\/wp\/v2\/tribe_events\/5915\/revisions\/5917"}],"wp:featuredmedia":[{"embeddable":true,"href":"https:\/\/news.ubbcluj.ro\/hu\/wp-json\/wp\/v2\/media\/5916"}],"wp:attachment":[{"href":"https:\/\/news.ubbcluj.ro\/hu\/wp-json\/wp\/v2\/media?parent=5915"}],"wp:term":[{"taxonomy":"post_tag","embeddable":true,"href":"https:\/\/news.ubbcluj.ro\/hu\/wp-json\/wp\/v2\/tags?post=5915"},{"taxonomy":"tribe_events_cat","embeddable":true,"href":"https:\/\/news.ubbcluj.ro\/hu\/wp-json\/wp\/v2\/tribe_events_cat?post=5915"}],"curies":[{"name":"wp","href":"https:\/\/api.w.org\/{rel}","templated":true}]}}

A Finn nyelv és irodalom szak 30 éves ünnepe

<div dir="auto">Alapításának 30 éves évfordulóját ünnepli a BBTE Finn Nyelv és Irodalom szaka.</div>
<div dir="auto">Az ünnepi rendezvény 2022. november 4-én, pénteken 11 órától kezdődik a Bölcsészettudományi Kar Popovici termében.</div>
<div dir="auto">A szervezők mindenkit szeretettel várnak!</div>
<div dir="auto"><img loading="lazy" decoding="async" class="aligncenter wp-image-5916 size-large" src="https://news.ubbcluj.ro/hu/wp-content/uploads/2022/11/Plakat-HU-1-576x1024.jpg" alt="" width="576" height="1024" data-id="5916" srcset="https://news.ubbcluj.ro/hu/wp-content/uploads/2022/11/Plakat-HU-1-576x1024.jpg 576w, https://news.ubbcluj.ro/hu/wp-content/uploads/2022/11/Plakat-HU-1-169x300.jpg 169w, https://news.ubbcluj.ro/hu/wp-content/uploads/2022/11/Plakat-HU-1-768x1365.jpg 768w, https://news.ubbcluj.ro/hu/wp-content/uploads/2022/11/Plakat-HU-1-864x1536.jpg 864w, https://news.ubbcluj.ro/hu/wp-content/uploads/2022/11/Plakat-HU-1-100x178.jpg 100w, https://news.ubbcluj.ro/hu/wp-content/uploads/2022/11/Plakat-HU-1-150x267.jpg 150w, https://news.ubbcluj.ro/hu/wp-content/uploads/2022/11/Plakat-HU-1-200x356.jpg 200w, https://news.ubbcluj.ro/hu/wp-content/uploads/2022/11/Plakat-HU-1-300x533.jpg 300w, https://news.ubbcluj.ro/hu/wp-content/uploads/2022/11/Plakat-HU-1-450x800.jpg 450w, https://news.ubbcluj.ro/hu/wp-content/uploads/2022/11/Plakat-HU-1-600x1067.jpg 600w, https://news.ubbcluj.ro/hu/wp-content/uploads/2022/11/Plakat-HU-1-900x1600.jpg 900w, https://news.ubbcluj.ro/hu/wp-content/uploads/2022/11/Plakat-HU-1.jpg 1080w" sizes="(max-width: 576px) 100vw, 576px" /></div>

<p>Alapításának 30 éves évfordulóját ünnepli a BBTE Finn Nyelv és Irodalom szaka. Az ünnepi rendezvény 2022. november 4-én, pénteken 11 órától kezdődik a Bölcsészettudományi Kar Popovici termében. A szervezők mindenkit szeretettel várnak!</p>

<!-- This site is optimized with the Yoast SEO plugin v21.9.1 - https://yoast.com/wordpress/plugins/seo/ -->
<title>A Finn nyelv és irodalom szak 30 éves ünnepe - Kommunikáció és PR iroda</title>
<meta name="robots" content="index, follow, max-snippet:-1, max-image-preview:large, max-video-preview:-1" />
<link rel="canonical" href="https://news.ubbcluj.ro/hu/event/a-finn-nyelv-es-irodalom-szak-30-eves-unnepe/" />
<meta property="og:locale" content="hu_HU" />
<meta property="og:type" content="article" />
<meta property="og:title" content="A Finn nyelv és irodalom szak 30 éves ünnepe - Kommunikáció és PR iroda" />
<meta property="og:description" content="Alapításának 30 éves évfordulóját ünnepli a BBTE Finn Nyelv és Irodalom szaka. Az ünnepi rendezvény 2022. november 4-én, pénteken 11 órától kezdődik a Bölcsészettudományi Kar Popovici termében. A szervezők mindenkit szeretettel várnak!" />
<meta property="og:url" content="https://news.ubbcluj.ro/hu/event/a-finn-nyelv-es-irodalom-szak-30-eves-unnepe/" />
<meta property="og:site_name" content="Kommunikáció és PR iroda" />
<meta property="article:modified_time" content="2022-11-03T09:56:12+00:00" />
<meta property="og:image" content="https://news.ubbcluj.ro/hu/wp-content/uploads/2022/11/Plakat-HU-1.jpg" />
	<meta property="og:image:width" content="1080" />
	<meta property="og:image:height" content="1920" />
	<meta property="og:image:type" content="image/jpeg" />
<meta name="twitter:card" content="summary_large_image" />
<meta name="twitter:label1" content="Becsült olvasási idő" />
	<meta name="twitter:data1" content="1 perc" />
<script type="application/ld+json" class="yoast-schema-graph">{"@context":"https://schema.org","@graph":[{"@type":"WebPage","@id":"https://news.ubbcluj.ro/hu/event/a-finn-nyelv-es-irodalom-szak-30-eves-unnepe/","url":"https://news.ubbcluj.ro/hu/event/a-finn-nyelv-es-irodalom-szak-30-eves-unnepe/","name":"A Finn nyelv és irodalom szak 30 éves ünnepe - Kommunikáció és PR iroda","isPartOf":{"@id":"https://news.ubbcluj.ro/hu/#website"},"datePublished":"2022-11-03T09:53:47+00:00","dateModified":"2022-11-03T09:56:12+00:00","breadcrumb":{"@id":"https://news.ubbcluj.ro/hu/event/a-finn-nyelv-es-irodalom-szak-30-eves-unnepe/#breadcrumb"},"inLanguage":"hu","potentialAction":[{"@type":"ReadAction","target":["https://news.ubbcluj.ro/hu/event/a-finn-nyelv-es-irodalom-szak-30-eves-unnepe/"]}]},{"@type":"BreadcrumbList","@id":"https://news.ubbcluj.ro/hu/event/a-finn-nyelv-es-irodalom-szak-30-eves-unnepe/#breadcrumb","itemListElement":[{"@type":"ListItem","position":1,"name":"Home","item":"https://news.ubbcluj.ro/hu/"},{"@type":"ListItem","position":2,"name":"Események","item":"https://news.ubbcluj.ro/hu/events/"},{"@type":"ListItem","position":3,"name":"A Finn nyelv és irodalom szak 30 éves ünnepe"}]},{"@type":"WebSite","@id":"https://news.ubbcluj.ro/hu/#website","url":"https://news.ubbcluj.ro/hu/","name":"Kommunikáció és PR iroda","description":"Babeș-Bolyai Tudománegyetem","potentialAction":[{"@type":"SearchAction","target":{"@type":"EntryPoint","urlTemplate":"https://news.ubbcluj.ro/hu/?s={search_term_string}"},"query-input":"required name=search_term_string"}],"inLanguage":"hu"}]}</script>
<!-- / Yoast SEO plugin. -->

A Finn nyelv és irodalom szak 30 éves ünnepe - Kommunikáció és PR iroda

Alapításának 30 éves évfordulóját ünnepli a BBTE Finn Nyelv és Irodalom szaka. Az ünnepi rendezvény 2022. november 4-én, pénteken 11 órától kezdődik a Bölcsészettudományi Kar Popovici termében. A szervezők mindenkit szeretettel várnak!

Kommunikáció és PR iroda

Események

Babeș-Bolyai Tudománegyetem
